{"id":17901,"date":"2024-12-18T10:27:09","date_gmt":"2024-12-18T08:27:09","guid":{"rendered":"https:\/\/charleroi-metropole.be\/?page_id=17901"},"modified":"2024-12-18T16:56:23","modified_gmt":"2024-12-18T14:56:23","slug":"laeroport-de-charleroi-brussel-south","status":"publish","type":"page","link":"https:\/\/charleroi-metropole.be\/fr\/home\/se-deplacer\/laeroport-de-charleroi-brussel-south\/","title":{"rendered":"L\u2019a\u00e9roport de Charleroi Brussel South"},"content":{"rendered":"\n<div class=\"wp-block-group alignfull is-layout-constrained wp-block-group-is-layout-constrained\">\n<div class=\"wp-block-cover alignfull is-light\" style=\"min-height:297px;aspect-ratio:unset;\"><span aria-hidden=\"true\" class=\"wp-block-cover__background has-background-dim\" style=\"background-color:#b8a599\"><\/span><img loading=\"lazy\" decoding=\"async\" width=\"1450\" height=\"967\" class=\"wp-block-cover__image-background wp-image-2155\" alt=\"\" src=\"https:\/\/charleroi-metropole.be\/wp-content\/uploads\/2018\/12\/aeropole017-e1545046174771.jpg\" data-object-fit=\"cover\" srcset=\"https:\/\/charleroi-metropole.be\/wp-content\/uploads\/2018\/12\/aeropole017-e1545046174771.jpg 1450w, https:\/\/charleroi-metropole.be\/wp-content\/uploads\/2018\/12\/aeropole017-e1545046174771-600x400.jpg 600w, https:\/\/charleroi-metropole.be\/wp-content\/uploads\/2018\/12\/aeropole017-e1545046174771-768x512.jpg 768w\" sizes=\"(max-width: 1450px) 100vw, 1450px\" \/><div class=\"wp-block-cover__inner-container is-layout-constrained wp-block-cover-is-layout-constrained\">\n<h2 class=\"wp-block-heading has-text-align-left\" style=\"font-size:3.8rem\">L\u2019a\u00e9roport de Charleroi Brussel South&nbsp;: une connexion vers le reste de l\u2019Europe et du monde<\/h2>\n\n\n\n<p><\/p>\n\n\n\n<p style=\"font-size:22px\"><strong>Avec plus de 8 millions de passagers par an, BSCA est le 2\u00e8me a\u00e9roport de Belgique. Il relie pr\u00e8s de 200 destinations dans 53 pays. <\/strong><\/p>\n<\/div><\/div>\n<\/div>\n\n\n\n<div style=\"height:37px\" aria-hidden=\"true\" class=\"wp-block-spacer\"><\/div>\n\n\n\n<p style=\"font-size:20px\">Tr\u00e8s accessible en voiture, l&rsquo;a\u00e9roport est situ\u00e9 \u00e0 proximit\u00e9 de l\u2019autoroute E42, la \u00ab&nbsp;dorsale wallonne&nbsp;\u00bb, et de l\u2019autoroute A54 qui relie Charleroi \u00e0 Bruxelles. Des bus express permettent de le relier depuis les gares qui l\u2019entourent. Des navettes de bus le relie \u00e0 Bruxelles et \u00e0 d\u2019autres grandes villes.<\/p>\n\n\n\n<div style=\"height:37px\" aria-hidden=\"true\" class=\"wp-block-spacer\"><\/div>\n\n\n\n<h2 class=\"wp-block-heading\">Accessible en train et bus<\/h2>\n\n\n\n<div style=\"height:37px\" aria-hidden=\"true\" class=\"wp-block-spacer\"><\/div>\n\n\n\n<p style=\"font-size:20px\">3 lignes de bus express le desservent depuis les gares qui l\u2019entourent, le connectant ainsi facilement en transports en communs vers Charleroi, Bruxelles, Ottignies, Leuven et d\u2019autres villes wallonnes&nbsp;:<\/p>\n\n\n\n<div class=\"wp-block-media-text has-media-on-the-right is-stacked-on-mobile\" style=\"grid-template-columns:auto 46%\"><div class=\"wp-block-media-text__content\">\n<p style=\"font-size:21px\"><strong>Charleroi Gare Centrale &gt; A\u00e9roport (Ligne A1)&nbsp;<\/strong>: 2 bus par heure entre 4h30 et 23h30<\/p>\n\n\n\n<p style=\"font-size:21px\"><strong>Fleurus Gare SNCB&nbsp;&gt; A\u00e9roport (Ligne A2)<\/strong>&nbsp;: 2 bus par heure entre 4h00&nbsp;et 23h43&nbsp;<\/p>\n\n\n\n<p style=\"font-size:21px\"><strong>Luttre Gare SNCB &gt; A\u00e9roport (Ligne A3)<\/strong>&nbsp;: 2 bus par heure entre 4h30 et 23h33<\/p>\n<\/div><figure class=\"wp-block-media-text__media\"><img loading=\"lazy\" decoding=\"async\" width=\"1500\" height=\"999\" src=\"https:\/\/charleroi-metropole.be\/wp-content\/uploads\/2024\/12\/TEC-05-06-23-Fleurus-109_compresse.jpg\" alt=\"\" class=\"wp-image-17903 size-full\" srcset=\"https:\/\/charleroi-metropole.be\/wp-content\/uploads\/2024\/12\/TEC-05-06-23-Fleurus-109_compresse.jpg 1500w, https:\/\/charleroi-metropole.be\/wp-content\/uploads\/2024\/12\/TEC-05-06-23-Fleurus-109_compresse-600x400.jpg 600w, https:\/\/charleroi-metropole.be\/wp-content\/uploads\/2024\/12\/TEC-05-06-23-Fleurus-109_compresse-768x511.jpg 768w\" sizes=\"(max-width: 1500px) 100vw, 1500px\" \/><\/figure><\/div>\n\n\n\n<div style=\"height:37px\" aria-hidden=\"true\" class=\"wp-block-spacer\"><\/div>\n\n\n\n<p style=\"font-size:20px\"><\/p>\n\n\n\n<div style=\"height:37px\" aria-hidden=\"true\" class=\"wp-block-spacer\"><\/div>\n\n\n\n<p style=\"font-size:20px\">Procurez-vous un billet \u00ab&nbsp;combin\u00e9&nbsp;\u00bb train+ bus sur le site de la&nbsp;<a href=\"https:\/\/www.belgiantrain.be\/fr\/tickets-and-railcards\/airports\" target=\"_blank\" rel=\"noreferrer noopener\">SNCB<\/a>, aux guichets des gares ou sur un SELF TEC \u00e0 l\u2019a\u00e9roport. Rendez-vous sur le site&nbsp;du&nbsp;<a href=\"https:\/\/www.letec.be\/View\/Relier_laeroport_de_Brussels_South_Charleroi\/989\" target=\"_blank\" rel=\"noreferrer noopener\">TEC<\/a>&nbsp;afin de conna\u00eetre les tarifs et horaires.<\/p>\n\n\n\n<div style=\"height:37px\" aria-hidden=\"true\" class=\"wp-block-spacer\"><\/div>\n\n\n\n<h2 class=\"wp-block-heading\">Ou par d\u2019autres moyens<\/h2>\n\n\n\n<div style=\"height:37px\" aria-hidden=\"true\" class=\"wp-block-spacer\"><\/div>\n\n\n\n<p style=\"font-size:20px\">La soci\u00e9t\u00e9 <a href=\"https:\/\/www.flibco.com\/fr\" target=\"_blank\" rel=\"noreferrer noopener\">Flibco<\/a> propose des navettes de bus vers Bruxelles et d\u2019autres grandes villes (Lille, Bruges, Anvers, Gand, Luxembourg\u2026).<\/p>\n\n\n\n<div style=\"height:37px\" aria-hidden=\"true\" class=\"wp-block-spacer\"><\/div>\n\n\n\n<p style=\"font-size:20px\">Un service de voitures partag\u00e9es est disponible, avec la soci\u00e9t\u00e9 <a href=\"https:\/\/poppy.be\/fr\/zone\/charleroi-airport-fr\" target=\"_blank\" rel=\"noreferrer noopener\">Poppy<\/a>.<\/p>\n\n\n\n<div style=\"height:37px\" aria-hidden=\"true\" class=\"wp-block-spacer\"><\/div>\n\n\n\n<p style=\"font-size:20px\">Situ\u00e9 \u00e0 proximit\u00e9 des grands axes routiers, il dispose d\u2019une offre vari\u00e9e de parkings payants pour les voitures, mais des parkings v\u00e9los et motos sont disponibles gratuitement.<\/p>\n\n\n\n<div style=\"height:37px\" aria-hidden=\"true\" class=\"wp-block-spacer\"><\/div>\n\n\n\n<div class=\"wp-block-group is-layout-constrained wp-block-group-is-layout-constrained\"><aside class=\"useful-links\">\n    <ul class=\"useful-links__list\">\n                    <li class=\"useful-links__item\">\n                <a href=\"https:\/\/charleroi-metropole.be\/fr\/decouvrir\/charleroi-aeroport\/\">\n                    <figure class=\"useful-links__fig\">\n                                                    <img decoding=\"async\" src=\"https:\/\/charleroi-metropole.be\/wp-content\/uploads\/2018\/11\/07_bsca.00_00_43_23.still008-500x0-c-default.jpg\" alt=\"Comment l\u2019A\u00e9roport de Charleroi s&rsquo;est impos\u00e9\" class=\"useful-links__img\">\n                                            <\/figure>\n\n                    <span class=\"useful-links__title\">Comment l\u2019A\u00e9roport de Charleroi s&rsquo;est impos\u00e9<\/span>\n                <\/a>\n            <\/li>\n            <\/ul>\n<\/aside>\n\n<\/div>\n\n\n\n<div style=\"height:37px\" aria-hidden=\"true\" class=\"wp-block-spacer\"><\/div>\n","protected":false},"excerpt":{"rendered":"<p>Tr\u00e8s accessible en voiture, l&rsquo;a\u00e9roport est situ\u00e9 \u00e0 proximit\u00e9 de l\u2019autoroute E42, la \u00ab&nbsp;dorsale wallonne&nbsp;\u00bb, et de l\u2019autoroute A54 qui relie Charleroi \u00e0 Bruxelles. Des bus express permettent de le relier depuis les gares qui l\u2019entourent. Des navettes de bus le relie \u00e0 Bruxelles et \u00e0 d\u2019autres grandes villes. Accessible en train et bus 3 [&hellip;]<\/p>\n","protected":false},"author":18,"featured_media":0,"parent":17751,"menu_order":0,"comment_status":"closed","ping_status":"closed","template":"","meta":{"footnotes":""},"class_list":["post-17901","page","type-page","status-publish","hentry"],"_links":{"self":[{"href":"https:\/\/charleroi-metropole.be\/fr\/wp-json\/wp\/v2\/pages\/17901"}],"collection":[{"href":"https:\/\/charleroi-metropole.be\/fr\/wp-json\/wp\/v2\/pages"}],"about":[{"href":"https:\/\/charleroi-metropole.be\/fr\/wp-json\/wp\/v2\/types\/page"}],"author":[{"embeddable":true,"href":"https:\/\/charleroi-metropole.be\/fr\/wp-json\/wp\/v2\/users\/18"}],"replies":[{"embeddable":true,"href":"https:\/\/charleroi-metropole.be\/fr\/wp-json\/wp\/v2\/comments?post=17901"}],"version-history":[{"count":6,"href":"https:\/\/charleroi-metropole.be\/fr\/wp-json\/wp\/v2\/pages\/17901\/revisions"}],"predecessor-version":[{"id":17976,"href":"https:\/\/charleroi-metropole.be\/fr\/wp-json\/wp\/v2\/pages\/17901\/revisions\/17976"}],"up":[{"embeddable":true,"href":"https:\/\/charleroi-metropole.be\/fr\/wp-json\/wp\/v2\/pages\/17751"}],"wp:attachment":[{"href":"https:\/\/charleroi-metropole.be\/fr\/wp-json\/wp\/v2\/media?parent=17901"}],"curies":[{"name":"wp","href":"https:\/\/api.w.org\/{rel}","templated":true}]}}

L’aéroport de Charleroi Brussel South

<div class="wp-block-group alignfull is-layout-constrained wp-block-group-is-layout-constrained">
<div class="wp-block-cover alignfull is-light" style="min-height:297px;aspect-ratio:unset;"><span aria-hidden="true" class="wp-block-cover__background has-background-dim" style="background-color:#b8a599"></span><img loading="lazy" decoding="async" width="1450" height="967" class="wp-block-cover__image-background wp-image-2155" alt="" src="https://charleroi-metropole.be/wp-content/uploads/2018/12/aeropole017-e1545046174771.jpg" data-object-fit="cover" srcset="https://charleroi-metropole.be/wp-content/uploads/2018/12/aeropole017-e1545046174771.jpg 1450w, https://charleroi-metropole.be/wp-content/uploads/2018/12/aeropole017-e1545046174771-600x400.jpg 600w, https://charleroi-metropole.be/wp-content/uploads/2018/12/aeropole017-e1545046174771-768x512.jpg 768w" sizes="(max-width: 1450px) 100vw, 1450px" /><div class="wp-block-cover__inner-container is-layout-constrained wp-block-cover-is-layout-constrained">
<h2 class="wp-block-heading has-text-align-left" style="font-size:3.8rem">L’aéroport de Charleroi Brussel South&nbsp;: une connexion vers le reste de l’Europe et du monde</h2>



<p></p>



<p style="font-size:22px"><strong>Avec plus de 8 millions de passagers par an, BSCA est le 2ème aéroport de Belgique. Il relie près de 200 destinations dans 53 pays. </strong></p>
</div></div>
</div>



<div style="height:37px" aria-hidden="true" class="wp-block-spacer"></div>



<p style="font-size:20px">Très accessible en voiture, l&rsquo;aéroport est situé à proximité de l’autoroute E42, la «&nbsp;dorsale wallonne&nbsp;», et de l’autoroute A54 qui relie Charleroi à Bruxelles. Des bus express permettent de le relier depuis les gares qui l’entourent. Des navettes de bus le relie à Bruxelles et à d’autres grandes villes.</p>



<div style="height:37px" aria-hidden="true" class="wp-block-spacer"></div>



<h2 class="wp-block-heading">Accessible en train et bus</h2>



<div style="height:37px" aria-hidden="true" class="wp-block-spacer"></div>



<p style="font-size:20px">3 lignes de bus express le desservent depuis les gares qui l’entourent, le connectant ainsi facilement en transports en communs vers Charleroi, Bruxelles, Ottignies, Leuven et d’autres villes wallonnes&nbsp;:</p>



<div class="wp-block-media-text has-media-on-the-right is-stacked-on-mobile" style="grid-template-columns:auto 46%"><div class="wp-block-media-text__content">
<p style="font-size:21px"><strong>Charleroi Gare Centrale &gt; Aéroport (Ligne A1)&nbsp;</strong>: 2 bus par heure entre 4h30 et 23h30</p>



<p style="font-size:21px"><strong>Fleurus Gare SNCB&nbsp;&gt; Aéroport (Ligne A2)</strong>&nbsp;: 2 bus par heure entre 4h00&nbsp;et 23h43&nbsp;</p>



<p style="font-size:21px"><strong>Luttre Gare SNCB &gt; Aéroport (Ligne A3)</strong>&nbsp;: 2 bus par heure entre 4h30 et 23h33</p>
</div><figure class="wp-block-media-text__media"><img loading="lazy" decoding="async" width="1500" height="999" src="https://charleroi-metropole.be/wp-content/uploads/2024/12/TEC-05-06-23-Fleurus-109_compresse.jpg" alt="" class="wp-image-17903 size-full" srcset="https://charleroi-metropole.be/wp-content/uploads/2024/12/TEC-05-06-23-Fleurus-109_compresse.jpg 1500w, https://charleroi-metropole.be/wp-content/uploads/2024/12/TEC-05-06-23-Fleurus-109_compresse-600x400.jpg 600w, https://charleroi-metropole.be/wp-content/uploads/2024/12/TEC-05-06-23-Fleurus-109_compresse-768x511.jpg 768w" sizes="(max-width: 1500px) 100vw, 1500px" /></figure></div>



<div style="height:37px" aria-hidden="true" class="wp-block-spacer"></div>



<p style="font-size:20px"></p>



<div style="height:37px" aria-hidden="true" class="wp-block-spacer"></div>



<p style="font-size:20px">Procurez-vous un billet «&nbsp;combiné&nbsp;» train+ bus sur le site de la&nbsp;<a href="https://www.belgiantrain.be/fr/tickets-and-railcards/airports" target="_blank" rel="noreferrer noopener">SNCB</a>, aux guichets des gares ou sur un SELF TEC à l’aéroport. Rendez-vous sur le site&nbsp;du&nbsp;<a href="https://www.letec.be/View/Relier_laeroport_de_Brussels_South_Charleroi/989" target="_blank" rel="noreferrer noopener">TEC</a>&nbsp;afin de connaître les tarifs et horaires.</p>



<div style="height:37px" aria-hidden="true" class="wp-block-spacer"></div>



<h2 class="wp-block-heading">Ou par d’autres moyens</h2>



<div style="height:37px" aria-hidden="true" class="wp-block-spacer"></div>



<p style="font-size:20px">La société <a href="https://www.flibco.com/fr" target="_blank" rel="noreferrer noopener">Flibco</a> propose des navettes de bus vers Bruxelles et d’autres grandes villes (Lille, Bruges, Anvers, Gand, Luxembourg…).</p>



<div style="height:37px" aria-hidden="true" class="wp-block-spacer"></div>



<p style="font-size:20px">Un service de voitures partagées est disponible, avec la société <a href="https://poppy.be/fr/zone/charleroi-airport-fr" target="_blank" rel="noreferrer noopener">Poppy</a>.</p>



<div style="height:37px" aria-hidden="true" class="wp-block-spacer"></div>



<p style="font-size:20px">Situé à proximité des grands axes routiers, il dispose d’une offre variée de parkings payants pour les voitures, mais des parkings vélos et motos sont disponibles gratuitement.</p>



<div style="height:37px" aria-hidden="true" class="wp-block-spacer"></div>



<div class="wp-block-group is-layout-constrained wp-block-group-is-layout-constrained"><aside class="useful-links">
    <ul class="useful-links__list">
                    <li class="useful-links__item">
                <a href="https://charleroi-metropole.be/fr/decouvrir/charleroi-aeroport/">
                    <figure class="useful-links__fig">
                                                    <img decoding="async" src="https://charleroi-metropole.be/wp-content/uploads/2018/11/07_bsca.00_00_43_23.still008-500x0-c-default.jpg" alt="Comment l’Aéroport de Charleroi s&rsquo;est imposé" class="useful-links__img">
                                            </figure>

                    <span class="useful-links__title">Comment l’Aéroport de Charleroi s&rsquo;est imposé</span>
                </a>
            </li>
            </ul>
</aside>

</div>



<div style="height:37px" aria-hidden="true" class="wp-block-spacer"></div>

<p>Très accessible en voiture, l&rsquo;aéroport est situé à proximité de l’autoroute E42, la «&nbsp;dorsale wallonne&nbsp;», et de l’autoroute A54 qui relie Charleroi à Bruxelles. Des bus express permettent de le relier depuis les gares qui l’entourent. Des navettes de bus le relie à Bruxelles et à d’autres grandes villes. Accessible en train et bus 3 [&hellip;]</p>
