{"id":17843,"date":"2024-12-16T12:59:54","date_gmt":"2024-12-16T10:59:54","guid":{"rendered":"https:\/\/charleroi-metropole.be\/?page_id=17843"},"modified":"2024-12-18T16:42:58","modified_gmt":"2024-12-18T14:42:58","slug":"des-services-et-des-infrastructures-qui-favorisent-les-deplacements-a-pied-et-a-velo","status":"publish","type":"page","link":"https:\/\/charleroi-metropole.be\/fr\/home\/se-deplacer\/des-services-et-des-infrastructures-qui-favorisent-les-deplacements-a-pied-et-a-velo\/","title":{"rendered":"Des services et des infrastructures qui favorisent les d\u00e9placements \u00e0 pied et \u00e0 v\u00e9lo"},"content":{"rendered":"\n<div class=\"wp-block-group alignfull is-layout-constrained wp-block-group-is-layout-constrained\">\n<div class=\"wp-block-cover alignfull is-light\" style=\"min-height:298px;aspect-ratio:unset;\"><span aria-hidden=\"true\" class=\"wp-block-cover__background has-background-dim\" style=\"background-color:#b8a599\"><\/span><img loading=\"lazy\" decoding=\"async\" width=\"612\" height=\"408\" class=\"wp-block-cover__image-background wp-image-17929\" alt=\"\" src=\"https:\/\/charleroi-metropole.be\/wp-content\/uploads\/2024\/12\/velo-et-trott.jpg\" data-object-fit=\"cover\" srcset=\"https:\/\/charleroi-metropole.be\/wp-content\/uploads\/2024\/12\/velo-et-trott.jpg 612w, https:\/\/charleroi-metropole.be\/wp-content\/uploads\/2024\/12\/velo-et-trott-600x400.jpg 600w\" sizes=\"(max-width: 612px) 100vw, 612px\" \/><div class=\"wp-block-cover__inner-container is-layout-constrained wp-block-cover-is-layout-constrained\">\n<h2 class=\"wp-block-heading has-text-align-left\" style=\"font-size:3.8rem\">Des services et des infrastructures qui favorisent les d\u00e9placements \u00e0 pied et \u00e0 v\u00e9lo<\/h2>\n\n\n\n<p><\/p>\n\n\n\n<p style=\"font-size:22px\"><strong>La marche et le v\u00e9lo sont des modes de d\u00e9placement actifs, non co\u00fbteux, bons pour la sant\u00e9, bons pour la plan\u00e8te et tr\u00e8s efficaces pour les courtes distances. Offrir un cadre propice \u00e0 des d\u00e9placements confortables, agr\u00e9ables et s\u00e9curis\u00e9s pour les pi\u00e9tons et les cyclistes fait partie des priorit\u00e9s du Plan de Mobilit\u00e9 de Charleroi M\u00e9tropole.<\/strong><\/p>\n<\/div><\/div>\n<\/div>\n\n\n\n<div style=\"height:31px\" aria-hidden=\"true\" class=\"wp-block-spacer\"><\/div>\n\n\n\n<div class=\"wp-block-media-text alignwide is-stacked-on-mobile is-vertically-aligned-center wp-block-media-text_modified has-apple-green-background-color has-background\" style=\"margin-right:var(--wp--preset--spacing--40);margin-left:var(--wp--preset--spacing--40);grid-template-columns:51% auto\"><figure class=\"wp-block-media-text__media\"><a href=\"https:\/\/charleroi-metropole.be\/fr\/home\/se-deplacer\/des-services-et-des-infrastructures-qui-favorisent-les-deplacements-a-pied-et-a-velo\/le-velo-et-la-trottinette\/\"><img loading=\"lazy\" decoding=\"async\" width=\"612\" height=\"411\" src=\"https:\/\/charleroi-metropole.be\/wp-content\/uploads\/2024\/12\/velo-trott.jpg\" alt=\"\" class=\"wp-image-17844 size-full\" srcset=\"https:\/\/charleroi-metropole.be\/wp-content\/uploads\/2024\/12\/velo-trott.jpg 612w, https:\/\/charleroi-metropole.be\/wp-content\/uploads\/2024\/12\/velo-trott-600x403.jpg 600w\" sizes=\"(max-width: 612px) 100vw, 612px\" \/><\/a><\/figure><div class=\"wp-block-media-text__content\">\n<div class=\"wp-block-group is-layout-constrained wp-block-group-is-layout-constrained\" style=\"padding-top:var(--wp--preset--spacing--30);padding-bottom:var(--wp--preset--spacing--30)\">\n<h2 class=\"wp-block-heading has-body-font-family\" style=\"font-size:21px\"><\/h2>\n\n\n\n<div class=\"wp-block-columns is-layout-flex wp-container-core-columns-is-layout-1 wp-block-columns-is-layout-flex\">\n<div class=\"wp-block-column is-layout-flow wp-block-column-is-layout-flow\" style=\"font-style:normal;font-weight:600\">\n<h2 class=\"wp-block-heading has-black-color has-text-color has-link-color wp-elements-2aee732d4ffdd3476301a2eddc97c005\" style=\"font-size:23px\">Le v\u00e9lo et les trottinettes<\/h2>\n<\/div>\n<\/div>\n\n\n\n<div style=\"height:29px\" aria-hidden=\"true\" class=\"wp-block-spacer\"><\/div>\n\n\n\n<p class=\"has-body-font-family\" style=\"font-size:20px\">D\u00e9couvrez comment profiter d&rsquo;un r\u00e9seau dense d&rsquo;itin\u00e9raires balis\u00e9s et liaisons am\u00e9nag\u00e9es, mais aussi des diff\u00e9rents services propos\u00e9s sur le territoire. <\/p>\n\n\n\n<div style=\"height:29px\" aria-hidden=\"true\" class=\"wp-block-spacer\"><\/div>\n\n\n\n<div class=\"wp-block-buttons is-content-justification-center is-layout-flex wp-container-core-buttons-is-layout-1 wp-block-buttons-is-layout-flex\">\n<div class=\"wp-block-button has-custom-font-size is-style-fill\" style=\"font-size:20px\"><a class=\"wp-block-button__link has-black-color has-yellow-background-color has-text-color has-background has-link-color wp-element-button\" href=\"https:\/\/charleroi-metropole.be\/fr\/home\/se-deplacer\/des-services-et-des-infrastructures-qui-favorisent-les-deplacements-a-pied-et-a-velo\/le-velo-et-la-trottinette\/\"><strong>D\u00e9couvrir<\/strong><\/a><\/div>\n<\/div>\n\n\n\n<p class=\"has-body-font-family\" style=\"font-size:16px\"><\/p>\n<\/div>\n<\/div><\/div>\n\n\n\n<div style=\"height:31px\" aria-hidden=\"true\" class=\"wp-block-spacer\"><\/div>\n\n\n\n<div class=\"wp-block-media-text alignwide has-media-on-the-right is-stacked-on-mobile is-vertically-aligned-center wp-block-media-text_modified has-yellow-background-color has-background\" style=\"margin-right:var(--wp--preset--spacing--40);margin-left:var(--wp--preset--spacing--40);grid-template-columns:auto 57%\"><div class=\"wp-block-media-text__content\">\n<div class=\"wp-block-group is-layout-constrained wp-block-group-is-layout-constrained\" style=\"padding-top:var(--wp--preset--spacing--30);padding-bottom:var(--wp--preset--spacing--30)\">\n<h2 class=\"wp-block-heading has-body-font-family\" style=\"font-size:21px\"><\/h2>\n\n\n\n<div class=\"wp-block-columns is-layout-flex wp-container-core-columns-is-layout-2 wp-block-columns-is-layout-flex\">\n<div class=\"wp-block-column is-layout-flow wp-block-column-is-layout-flow\" style=\"font-style:normal;font-weight:600\">\n<h2 class=\"wp-block-heading has-black-color has-text-color has-link-color wp-elements-8d16ca239b127ab9901d8cfe45bb8ba8\" style=\"font-size:23px\">La marche<\/h2>\n<\/div>\n<\/div>\n\n\n\n<div style=\"height:29px\" aria-hidden=\"true\" class=\"wp-block-spacer\"><\/div>\n\n\n\n<p class=\"has-body-font-family\" style=\"font-size:20px\">Pour des courtes distances, la marche constitue le moyen de d\u00e9placement le plus naturel, efficace, durable et sain.<\/p>\n\n\n\n<div style=\"height:29px\" aria-hidden=\"true\" class=\"wp-block-spacer\"><\/div>\n\n\n\n<p class=\"has-body-font-family\" style=\"font-size:16px\"><\/p>\n\n\n\n<div class=\"wp-block-buttons is-content-justification-center is-layout-flex wp-container-core-buttons-is-layout-2 wp-block-buttons-is-layout-flex\">\n<div class=\"wp-block-button has-custom-font-size\" style=\"font-size:21px\"><a class=\"wp-block-button__link has-black-color has-apple-green-background-color has-text-color has-background has-link-color wp-element-button\" href=\"https:\/\/charleroi-metropole.be\/fr\/home\/se-deplacer\/des-services-et-des-infrastructures-qui-favorisent-les-deplacements-a-pied-et-a-velo\/la-marche\/\" target=\"_blank\" rel=\"noreferrer noopener\"><strong>D\u00e9couvrir<\/strong><\/a><\/div>\n<\/div>\n<\/div>\n<\/div><figure class=\"wp-block-media-text__media\"><a href=\"https:\/\/charleroi-metropole.be\/fr\/home\/se-deplacer\/des-services-et-des-infrastructures-qui-favorisent-les-deplacements-a-pied-et-a-velo\/la-marche\/\"><img loading=\"lazy\" decoding=\"async\" width=\"612\" height=\"407\" src=\"https:\/\/charleroi-metropole.be\/wp-content\/uploads\/2024\/12\/marche-en-ville.jpg\" alt=\"\" class=\"wp-image-17853 size-full\" srcset=\"https:\/\/charleroi-metropole.be\/wp-content\/uploads\/2024\/12\/marche-en-ville.jpg 612w, https:\/\/charleroi-metropole.be\/wp-content\/uploads\/2024\/12\/marche-en-ville-600x399.jpg 600w\" sizes=\"(max-width: 612px) 100vw, 612px\" \/><\/a><\/figure><\/div>\n\n\n\n<div style=\"height:31px\" aria-hidden=\"true\" class=\"wp-block-spacer\"><\/div>\n","protected":false},"excerpt":{"rendered":"","protected":false},"author":18,"featured_media":0,"parent":17751,"menu_order":0,"comment_status":"closed","ping_status":"closed","template":"","meta":{"footnotes":""},"class_list":["post-17843","page","type-page","status-publish","hentry"],"_links":{"self":[{"href":"https:\/\/charleroi-metropole.be\/fr\/wp-json\/wp\/v2\/pages\/17843"}],"collection":[{"href":"https:\/\/charleroi-metropole.be\/fr\/wp-json\/wp\/v2\/pages"}],"about":[{"href":"https:\/\/charleroi-metropole.be\/fr\/wp-json\/wp\/v2\/types\/page"}],"author":[{"embeddable":true,"href":"https:\/\/charleroi-metropole.be\/fr\/wp-json\/wp\/v2\/users\/18"}],"replies":[{"embeddable":true,"href":"https:\/\/charleroi-metropole.be\/fr\/wp-json\/wp\/v2\/comments?post=17843"}],"version-history":[{"count":12,"href":"https:\/\/charleroi-metropole.be\/fr\/wp-json\/wp\/v2\/pages\/17843\/revisions"}],"predecessor-version":[{"id":17970,"href":"https:\/\/charleroi-metropole.be\/fr\/wp-json\/wp\/v2\/pages\/17843\/revisions\/17970"}],"up":[{"embeddable":true,"href":"https:\/\/charleroi-metropole.be\/fr\/wp-json\/wp\/v2\/pages\/17751"}],"wp:attachment":[{"href":"https:\/\/charleroi-metropole.be\/fr\/wp-json\/wp\/v2\/media?parent=17843"}],"curies":[{"name":"wp","href":"https:\/\/api.w.org\/{rel}","templated":true}]}}

Des services et des infrastructures qui favorisent les déplacements à pied et à vélo

<div class="wp-block-group alignfull is-layout-constrained wp-block-group-is-layout-constrained">
<div class="wp-block-cover alignfull is-light" style="min-height:298px;aspect-ratio:unset;"><span aria-hidden="true" class="wp-block-cover__background has-background-dim" style="background-color:#b8a599"></span><img loading="lazy" decoding="async" width="612" height="408" class="wp-block-cover__image-background wp-image-17929" alt="" src="https://charleroi-metropole.be/wp-content/uploads/2024/12/velo-et-trott.jpg" data-object-fit="cover" srcset="https://charleroi-metropole.be/wp-content/uploads/2024/12/velo-et-trott.jpg 612w, https://charleroi-metropole.be/wp-content/uploads/2024/12/velo-et-trott-600x400.jpg 600w" sizes="(max-width: 612px) 100vw, 612px" /><div class="wp-block-cover__inner-container is-layout-constrained wp-block-cover-is-layout-constrained">
<h2 class="wp-block-heading has-text-align-left" style="font-size:3.8rem">Des services et des infrastructures qui favorisent les déplacements à pied et à vélo</h2>



<p></p>



<p style="font-size:22px"><strong>La marche et le vélo sont des modes de déplacement actifs, non coûteux, bons pour la santé, bons pour la planète et très efficaces pour les courtes distances. Offrir un cadre propice à des déplacements confortables, agréables et sécurisés pour les piétons et les cyclistes fait partie des priorités du Plan de Mobilité de Charleroi Métropole.</strong></p>
</div></div>
</div>



<div style="height:31px" aria-hidden="true" class="wp-block-spacer"></div>



<div class="wp-block-media-text alignwide is-stacked-on-mobile is-vertically-aligned-center wp-block-media-text_modified has-apple-green-background-color has-background" style="margin-right:var(--wp--preset--spacing--40);margin-left:var(--wp--preset--spacing--40);grid-template-columns:51% auto"><figure class="wp-block-media-text__media"><a href="https://charleroi-metropole.be/fr/home/se-deplacer/des-services-et-des-infrastructures-qui-favorisent-les-deplacements-a-pied-et-a-velo/le-velo-et-la-trottinette/"><img loading="lazy" decoding="async" width="612" height="411" src="https://charleroi-metropole.be/wp-content/uploads/2024/12/velo-trott.jpg" alt="" class="wp-image-17844 size-full" srcset="https://charleroi-metropole.be/wp-content/uploads/2024/12/velo-trott.jpg 612w, https://charleroi-metropole.be/wp-content/uploads/2024/12/velo-trott-600x403.jpg 600w" sizes="(max-width: 612px) 100vw, 612px" /></a></figure><div class="wp-block-media-text__content">
<div class="wp-block-group is-layout-constrained wp-block-group-is-layout-constrained" style="padding-top:var(--wp--preset--spacing--30);padding-bottom:var(--wp--preset--spacing--30)">
<h2 class="wp-block-heading has-body-font-family" style="font-size:21px"></h2>



<div class="wp-block-columns is-layout-flex wp-container-core-columns-is-layout-1 wp-block-columns-is-layout-flex">
<div class="wp-block-column is-layout-flow wp-block-column-is-layout-flow" style="font-style:normal;font-weight:600">
<h2 class="wp-block-heading has-black-color has-text-color has-link-color wp-elements-2aee732d4ffdd3476301a2eddc97c005" style="font-size:23px">Le vélo et les trottinettes</h2>
</div>
</div>



<div style="height:29px" aria-hidden="true" class="wp-block-spacer"></div>



<p class="has-body-font-family" style="font-size:20px">Découvrez comment profiter d&rsquo;un réseau dense d&rsquo;itinéraires balisés et liaisons aménagées, mais aussi des différents services proposés sur le territoire. </p>



<div style="height:29px" aria-hidden="true" class="wp-block-spacer"></div>



<div class="wp-block-buttons is-content-justification-center is-layout-flex wp-container-core-buttons-is-layout-1 wp-block-buttons-is-layout-flex">
<div class="wp-block-button has-custom-font-size is-style-fill" style="font-size:20px"><a class="wp-block-button__link has-black-color has-yellow-background-color has-text-color has-background has-link-color wp-element-button" href="https://charleroi-metropole.be/fr/home/se-deplacer/des-services-et-des-infrastructures-qui-favorisent-les-deplacements-a-pied-et-a-velo/le-velo-et-la-trottinette/"><strong>Découvrir</strong></a></div>
</div>



<p class="has-body-font-family" style="font-size:16px"></p>
</div>
</div></div>



<div style="height:31px" aria-hidden="true" class="wp-block-spacer"></div>



<div class="wp-block-media-text alignwide has-media-on-the-right is-stacked-on-mobile is-vertically-aligned-center wp-block-media-text_modified has-yellow-background-color has-background" style="margin-right:var(--wp--preset--spacing--40);margin-left:var(--wp--preset--spacing--40);grid-template-columns:auto 57%"><div class="wp-block-media-text__content">
<div class="wp-block-group is-layout-constrained wp-block-group-is-layout-constrained" style="padding-top:var(--wp--preset--spacing--30);padding-bottom:var(--wp--preset--spacing--30)">
<h2 class="wp-block-heading has-body-font-family" style="font-size:21px"></h2>



<div class="wp-block-columns is-layout-flex wp-container-core-columns-is-layout-2 wp-block-columns-is-layout-flex">
<div class="wp-block-column is-layout-flow wp-block-column-is-layout-flow" style="font-style:normal;font-weight:600">
<h2 class="wp-block-heading has-black-color has-text-color has-link-color wp-elements-8d16ca239b127ab9901d8cfe45bb8ba8" style="font-size:23px">La marche</h2>
</div>
</div>



<div style="height:29px" aria-hidden="true" class="wp-block-spacer"></div>



<p class="has-body-font-family" style="font-size:20px">Pour des courtes distances, la marche constitue le moyen de déplacement le plus naturel, efficace, durable et sain.</p>



<div style="height:29px" aria-hidden="true" class="wp-block-spacer"></div>



<p class="has-body-font-family" style="font-size:16px"></p>



<div class="wp-block-buttons is-content-justification-center is-layout-flex wp-container-core-buttons-is-layout-2 wp-block-buttons-is-layout-flex">
<div class="wp-block-button has-custom-font-size" style="font-size:21px"><a class="wp-block-button__link has-black-color has-apple-green-background-color has-text-color has-background has-link-color wp-element-button" href="https://charleroi-metropole.be/fr/home/se-deplacer/des-services-et-des-infrastructures-qui-favorisent-les-deplacements-a-pied-et-a-velo/la-marche/" target="_blank" rel="noreferrer noopener"><strong>Découvrir</strong></a></div>
</div>
</div>
</div><figure class="wp-block-media-text__media"><a href="https://charleroi-metropole.be/fr/home/se-deplacer/des-services-et-des-infrastructures-qui-favorisent-les-deplacements-a-pied-et-a-velo/la-marche/"><img loading="lazy" decoding="async" width="612" height="407" src="https://charleroi-metropole.be/wp-content/uploads/2024/12/marche-en-ville.jpg" alt="" class="wp-image-17853 size-full" srcset="https://charleroi-metropole.be/wp-content/uploads/2024/12/marche-en-ville.jpg 612w, https://charleroi-metropole.be/wp-content/uploads/2024/12/marche-en-ville-600x399.jpg 600w" sizes="(max-width: 612px) 100vw, 612px" /></a></figure></div>



<div style="height:31px" aria-hidden="true" class="wp-block-spacer"></div>
