{"id":17799,"date":"2024-12-16T11:42:55","date_gmt":"2024-12-16T09:42:55","guid":{"rendered":"https:\/\/charleroi-metropole.be\/?page_id=17799"},"modified":"2024-12-16T11:42:57","modified_gmt":"2024-12-16T09:42:57","slug":"le-train-pour-relier-les-villes-et-les-centres-urbains","status":"publish","type":"page","link":"https:\/\/charleroi-metropole.be\/fr\/home\/se-deplacer\/des-transports-en-commun-pour-rejoindre-les-villes-et-les-villages-de-charleroi-metropole\/le-train-pour-relier-les-villes-et-les-centres-urbains\/","title":{"rendered":"Le train, pour relier les villes et les centres urbains"},"content":{"rendered":"\n<div class=\"wp-block-group alignfull is-layout-constrained wp-block-group-is-layout-constrained\">\n<div class=\"wp-block-cover alignfull is-light\" style=\"min-height:297px;aspect-ratio:unset;\"><span aria-hidden=\"true\" class=\"wp-block-cover__background has-background-dim\" style=\"background-color:#b8a599\"><\/span><img loading=\"lazy\" decoding=\"async\" width=\"1500\" height=\"1000\" class=\"wp-block-cover__image-background wp-image-743\" alt=\"\" src=\"https:\/\/charleroi-metropole.be\/wp-content\/uploads\/2018\/09\/fotolia_42236498_subscription_monthly_xxl.jpg\" data-object-fit=\"cover\" srcset=\"https:\/\/charleroi-metropole.be\/wp-content\/uploads\/2018\/09\/fotolia_42236498_subscription_monthly_xxl.jpg 1500w, https:\/\/charleroi-metropole.be\/wp-content\/uploads\/2018\/09\/fotolia_42236498_subscription_monthly_xxl-600x400.jpg 600w, https:\/\/charleroi-metropole.be\/wp-content\/uploads\/2018\/09\/fotolia_42236498_subscription_monthly_xxl-768x512.jpg 768w\" sizes=\"(max-width: 1500px) 100vw, 1500px\" \/><div class=\"wp-block-cover__inner-container is-layout-constrained wp-block-cover-is-layout-constrained\">\n<h2 class=\"wp-block-heading has-text-align-left\" style=\"font-size:3.8rem\">Le train, pour relier les villes et les centres urbains<\/h2>\n\n\n\n<p style=\"font-size:22px\"><\/p>\n<\/div><\/div>\n<\/div>\n\n\n\n<div style=\"height:37px\" aria-hidden=\"true\" class=\"wp-block-spacer\"><\/div>\n\n\n\n<p style=\"font-size:20px\">Convergeant \u00e0 la gare de Charleroi Central, 7 lignes de train permettent de relier Charleroi M\u00e9tropole au reste du territoire belge, et plus largement au r\u00e9seau europ\u00e9en&nbsp;:<\/p>\n\n\n\n<div style=\"height:37px\" aria-hidden=\"true\" class=\"wp-block-spacer\"><\/div>\n\n\n\n<ul class=\"wp-block-list\">\n<li style=\"font-size:20px\"><strong>Couvin<\/strong> (<em>60 minutes<\/em>) en passant par <strong>Ham-sur-Heure<\/strong>, <strong>Walcourt<\/strong> et <strong>Philippeville<\/strong>, vers le sud<\/li>\n\n\n\n<li style=\"font-size:20px\"><strong>Erquelinnes<\/strong> (<em>40 minutes<\/em>) en passant par <strong>Thuin<\/strong> et <strong>Lobbes<\/strong>, vers le sud-ouest, puis jusqu\u2019\u00e0 <strong>Maubeuge<\/strong> c\u00f4t\u00e9 fran\u00e7ais.<\/li>\n\n\n\n<li style=\"font-size:20px\"><strong>Mons<\/strong> (<em>30 minutes<\/em>), en passant par <strong>La Louvi\u00e8re<\/strong>, vers l\u2019ouest, puis jusqu\u2019\u00e0 <strong>Tournai<\/strong> et <strong>Lille<\/strong>, c\u00f4t\u00e9 fran\u00e7ais\u00a0;<\/li>\n\n\n\n<li style=\"font-size:20px\"><strong>Bruxelles<\/strong> (<em>55 minutes<\/em>) en passant par <strong>Luttre, Nivelles et Braine\u2011l\u2019Alleud<\/strong>, vers le nord\u00a0;<\/li>\n\n\n\n<li style=\"font-size:20px\"><strong>Ottignies<\/strong> (<em>35 minutes<\/em>) en passant par <strong>Fleurus<\/strong> et <strong>Court-Saint-Etienne<\/strong>, puis <strong>Wavre<\/strong> jusqu\u2019\u00e0 <strong>Leuven<\/strong>, au nord-est\u00a0;<\/li>\n\n\n\n<li style=\"font-size:20px\"><strong>Namur<\/strong> (<em>30 minutes<\/em>) et <strong>Li\u00e8ge<\/strong>, en passant par <strong>Tamines<\/strong> et <strong>Huy<\/strong>, vers l\u2019est.<\/li>\n<\/ul>\n\n\n\n<div style=\"height:37px\" aria-hidden=\"true\" class=\"wp-block-spacer\"><\/div>\n\n\n\n<div class=\"wp-block-buttons is-content-justification-center is-layout-flex wp-container-core-buttons-is-layout-1 wp-block-buttons-is-layout-flex\">\n<div class=\"wp-block-button has-custom-font-size is-style-fill\" style=\"font-size:20px\"><a class=\"wp-block-button__link has-pastel-grey-background-color has-background wp-element-button\" href=\"http:\/\/www.belgiantrain.be\/fr\" target=\"_blank\" rel=\"noreferrer noopener\"><strong>Plus d\u2019infos sur les horaires et l\u2019achat des billets<\/strong><\/a><\/div>\n<\/div>\n\n\n\n<div style=\"height:37px\" aria-hidden=\"true\" class=\"wp-block-spacer\"><\/div>\n","protected":false},"excerpt":{"rendered":"<p>Convergeant \u00e0 la gare de Charleroi Central, 7 lignes de train permettent de relier Charleroi M\u00e9tropole au reste du territoire belge, et plus largement au r\u00e9seau europ\u00e9en&nbsp;:<\/p>\n","protected":false},"author":18,"featured_media":0,"parent":17795,"menu_order":0,"comment_status":"closed","ping_status":"closed","template":"","meta":{"footnotes":""},"class_list":["post-17799","page","type-page","status-publish","hentry"],"_links":{"self":[{"href":"https:\/\/charleroi-metropole.be\/fr\/wp-json\/wp\/v2\/pages\/17799"}],"collection":[{"href":"https:\/\/charleroi-metropole.be\/fr\/wp-json\/wp\/v2\/pages"}],"about":[{"href":"https:\/\/charleroi-metropole.be\/fr\/wp-json\/wp\/v2\/types\/page"}],"author":[{"embeddable":true,"href":"https:\/\/charleroi-metropole.be\/fr\/wp-json\/wp\/v2\/users\/18"}],"replies":[{"embeddable":true,"href":"https:\/\/charleroi-metropole.be\/fr\/wp-json\/wp\/v2\/comments?post=17799"}],"version-history":[{"count":6,"href":"https:\/\/charleroi-metropole.be\/fr\/wp-json\/wp\/v2\/pages\/17799\/revisions"}],"predecessor-version":[{"id":17805,"href":"https:\/\/charleroi-metropole.be\/fr\/wp-json\/wp\/v2\/pages\/17799\/revisions\/17805"}],"up":[{"embeddable":true,"href":"https:\/\/charleroi-metropole.be\/fr\/wp-json\/wp\/v2\/pages\/17795"}],"wp:attachment":[{"href":"https:\/\/charleroi-metropole.be\/fr\/wp-json\/wp\/v2\/media?parent=17799"}],"curies":[{"name":"wp","href":"https:\/\/api.w.org\/{rel}","templated":true}]}}

<div class="wp-block-group alignfull is-layout-constrained wp-block-group-is-layout-constrained">
<div class="wp-block-cover alignfull is-light" style="min-height:297px;aspect-ratio:unset;"><span aria-hidden="true" class="wp-block-cover__background has-background-dim" style="background-color:#b8a599"></span><img loading="lazy" decoding="async" width="1500" height="1000" class="wp-block-cover__image-background wp-image-743" alt="" src="https://charleroi-metropole.be/wp-content/uploads/2018/09/fotolia_42236498_subscription_monthly_xxl.jpg" data-object-fit="cover" srcset="https://charleroi-metropole.be/wp-content/uploads/2018/09/fotolia_42236498_subscription_monthly_xxl.jpg 1500w, https://charleroi-metropole.be/wp-content/uploads/2018/09/fotolia_42236498_subscription_monthly_xxl-600x400.jpg 600w, https://charleroi-metropole.be/wp-content/uploads/2018/09/fotolia_42236498_subscription_monthly_xxl-768x512.jpg 768w" sizes="(max-width: 1500px) 100vw, 1500px" /><div class="wp-block-cover__inner-container is-layout-constrained wp-block-cover-is-layout-constrained">
<h2 class="wp-block-heading has-text-align-left" style="font-size:3.8rem">Le train, pour relier les villes et les centres urbains</h2>



<p style="font-size:22px"></p>
</div></div>
</div>



<div style="height:37px" aria-hidden="true" class="wp-block-spacer"></div>



<p style="font-size:20px">Convergeant à la gare de Charleroi Central, 7 lignes de train permettent de relier Charleroi Métropole au reste du territoire belge, et plus largement au réseau européen&nbsp;:</p>



<div style="height:37px" aria-hidden="true" class="wp-block-spacer"></div>



<ul class="wp-block-list">
<li style="font-size:20px"><strong>Couvin</strong> (<em>60 minutes</em>) en passant par <strong>Ham-sur-Heure</strong>, <strong>Walcourt</strong> et <strong>Philippeville</strong>, vers le sud</li>



<li style="font-size:20px"><strong>Erquelinnes</strong> (<em>40 minutes</em>) en passant par <strong>Thuin</strong> et <strong>Lobbes</strong>, vers le sud-ouest, puis jusqu’à <strong>Maubeuge</strong> côté français.</li>



<li style="font-size:20px"><strong>Mons</strong> (<em>30 minutes</em>), en passant par <strong>La Louvière</strong>, vers l’ouest, puis jusqu’à <strong>Tournai</strong> et <strong>Lille</strong>, côté français ;</li>



<li style="font-size:20px"><strong>Bruxelles</strong> (<em>55 minutes</em>) en passant par <strong>Luttre, Nivelles et Braine‑l’Alleud</strong>, vers le nord ;</li>



<li style="font-size:20px"><strong>Ottignies</strong> (<em>35 minutes</em>) en passant par <strong>Fleurus</strong> et <strong>Court-Saint-Etienne</strong>, puis <strong>Wavre</strong> jusqu’à <strong>Leuven</strong>, au nord-est ;</li>



<li style="font-size:20px"><strong>Namur</strong> (<em>30 minutes</em>) et <strong>Liège</strong>, en passant par <strong>Tamines</strong> et <strong>Huy</strong>, vers l’est.</li>
</ul>



<div style="height:37px" aria-hidden="true" class="wp-block-spacer"></div>



<div class="wp-block-buttons is-content-justification-center is-layout-flex wp-container-core-buttons-is-layout-1 wp-block-buttons-is-layout-flex">
<div class="wp-block-button has-custom-font-size is-style-fill" style="font-size:20px"><a class="wp-block-button__link has-pastel-grey-background-color has-background wp-element-button" href="http://www.belgiantrain.be/fr" target="_blank" rel="noreferrer noopener"><strong>Plus d’infos sur les horaires et l’achat des billets</strong></a></div>
</div>



<div style="height:37px" aria-hidden="true" class="wp-block-spacer"></div>

<p>Convergeant à la gare de Charleroi Central, 7 lignes de train permettent de relier Charleroi Métropole au reste du territoire belge, et plus largement au réseau européen&nbsp;:</p>
