{"id":17795,"date":"2024-12-16T11:24:07","date_gmt":"2024-12-16T09:24:07","guid":{"rendered":"https:\/\/charleroi-metropole.be\/?page_id=17795"},"modified":"2025-07-28T15:15:05","modified_gmt":"2025-07-28T13:15:05","slug":"des-transports-en-commun-pour-rejoindre-les-villes-et-les-villages-de-charleroi-metropole","status":"publish","type":"page","link":"https:\/\/charleroi-metropole.be\/fr\/home\/se-deplacer\/des-transports-en-commun-pour-rejoindre-les-villes-et-les-villages-de-charleroi-metropole\/","title":{"rendered":"Des transports en commun, pour rejoindre les villes et les villages de Charleroi M\u00e9tropole"},"content":{"rendered":"\n<div style=\"height:39px\" aria-hidden=\"true\" class=\"wp-block-spacer\"><\/div>\n\n\n\n<div class=\"wp-block-group alignfull is-layout-constrained wp-block-group-is-layout-constrained\">\n<div class=\"wp-block-cover alignfull is-light\" style=\"min-height:297px;aspect-ratio:unset;\"><span aria-hidden=\"true\" class=\"wp-block-cover__background has-background-dim\" style=\"background-color:#b8a599\"><\/span><img loading=\"lazy\" decoding=\"async\" width=\"1500\" height=\"999\" class=\"wp-block-cover__image-background wp-image-17752\" alt=\"\" src=\"https:\/\/charleroi-metropole.be\/wp-content\/uploads\/2024\/11\/Metro-Carolo-40-sur-42.jpg\" data-object-fit=\"cover\" srcset=\"https:\/\/charleroi-metropole.be\/wp-content\/uploads\/2024\/11\/Metro-Carolo-40-sur-42.jpg 1500w, https:\/\/charleroi-metropole.be\/wp-content\/uploads\/2024\/11\/Metro-Carolo-40-sur-42-600x400.jpg 600w, https:\/\/charleroi-metropole.be\/wp-content\/uploads\/2024\/11\/Metro-Carolo-40-sur-42-768x511.jpg 768w\" sizes=\"(max-width: 1500px) 100vw, 1500px\" \/><div class=\"wp-block-cover__inner-container is-layout-constrained wp-block-cover-is-layout-constrained\">\n<h2 class=\"wp-block-heading has-text-align-left\" style=\"font-size:3.3rem\">Des transports en commun, pour rejoindre les villes et les villages de Charleroi M\u00e9tropole<\/h2>\n\n\n\n<p><\/p>\n\n\n\n<div style=\"height:16px\" aria-hidden=\"true\" class=\"wp-block-spacer\"><\/div>\n\n\n\n<p style=\"font-size:21px\"><strong>Un r\u00e9seau de 130 lignes de bus (TEC) et de 43 gares ferroviaires (SNCB), offre aux habitants et visiteurs une vari\u00e9t\u00e9 de solutions pour r\u00e9pondre aux besoins de d\u00e9placements, au sein de la M\u00e9tropole ou vers les principales villes belges. <\/strong><br><\/p>\n<\/div><\/div>\n<\/div>\n\n\n\n<div style=\"height:71px\" aria-hidden=\"true\" class=\"wp-block-spacer\"><\/div>\n\n\n\n<div class=\"wp-block-columns is-layout-flex wp-container-core-columns-is-layout-1 wp-block-columns-is-layout-flex\">\n<div class=\"wp-block-column is-layout-flow wp-block-column-is-layout-flow\">\n<div class=\"wp-block-cover\" style=\"min-height:133px;aspect-ratio:unset;\"><span aria-hidden=\"true\" class=\"wp-block-cover__background has-background-dim\" style=\"background-color:#5a5144\"><\/span><img loading=\"lazy\" decoding=\"async\" width=\"1240\" height=\"800\" class=\"wp-block-cover__image-background wp-image-6180\" alt=\"\" src=\"https:\/\/charleroi-metropole.be\/wp-content\/uploads\/2020\/09\/cover-mobilite.jpg\" data-object-fit=\"cover\" srcset=\"https:\/\/charleroi-metropole.be\/wp-content\/uploads\/2020\/09\/cover-mobilite.jpg 1240w, https:\/\/charleroi-metropole.be\/wp-content\/uploads\/2020\/09\/cover-mobilite-600x387.jpg 600w, https:\/\/charleroi-metropole.be\/wp-content\/uploads\/2020\/09\/cover-mobilite-768x495.jpg 768w\" sizes=\"(max-width: 1240px) 100vw, 1240px\" \/><div class=\"wp-block-cover__inner-container is-layout-constrained wp-block-cover-is-layout-constrained\">\n<p class=\"has-text-align-center\" style=\"font-size:2.6rem\"><strong><a href=\"https:\/\/charleroi-metropole.be\/fr\/home\/se-deplacer\/des-transports-en-commun-pour-rejoindre-les-villes-et-les-villages-de-charleroi-metropole\/des-bus-et-des-metros-pour-une-desserte-fine-et-adaptee\/\">Des bus et des m\u00e9tros, pour une desserte fine et adapt\u00e9e<\/a><\/strong><\/p>\n<\/div><\/div>\n<\/div>\n\n\n\n<div class=\"wp-block-column is-layout-flow wp-block-column-is-layout-flow\">\n<div class=\"wp-block-cover\" style=\"min-height:133px;aspect-ratio:unset;\"><span aria-hidden=\"true\" class=\"wp-block-cover__background has-background-dim\" style=\"background-color:#6f7a94\"><\/span><img loading=\"lazy\" decoding=\"async\" width=\"1500\" height=\"1000\" class=\"wp-block-cover__image-background wp-image-743\" alt=\"\" src=\"https:\/\/charleroi-metropole.be\/wp-content\/uploads\/2018\/09\/fotolia_42236498_subscription_monthly_xxl.jpg\" data-object-fit=\"cover\" srcset=\"https:\/\/charleroi-metropole.be\/wp-content\/uploads\/2018\/09\/fotolia_42236498_subscription_monthly_xxl.jpg 1500w, https:\/\/charleroi-metropole.be\/wp-content\/uploads\/2018\/09\/fotolia_42236498_subscription_monthly_xxl-600x400.jpg 600w, https:\/\/charleroi-metropole.be\/wp-content\/uploads\/2018\/09\/fotolia_42236498_subscription_monthly_xxl-768x512.jpg 768w\" sizes=\"(max-width: 1500px) 100vw, 1500px\" \/><div class=\"wp-block-cover__inner-container is-layout-constrained wp-block-cover-is-layout-constrained\">\n<p class=\"has-text-align-center\" style=\"font-size:2.6rem\"><strong><a href=\"https:\/\/charleroi-metropole.be\/fr\/home\/se-deplacer\/des-transports-en-commun-pour-rejoindre-les-villes-et-les-villages-de-charleroi-metropole\/le-train-pour-relier-les-villes-et-les-centres-urbains\/\">Le train, pour relier les villes et les centres urbains<\/a><\/strong><\/p>\n<\/div><\/div>\n<\/div>\n<\/div>\n\n\n\n<div style=\"height:22px\" aria-hidden=\"true\" class=\"wp-block-spacer\"><\/div>\n\n\n\n<div class=\"wp-block-columns is-layout-flex wp-container-core-columns-is-layout-2 wp-block-columns-is-layout-flex\">\n<div class=\"wp-block-column is-layout-flow wp-block-column-is-layout-flow\">\n<div class=\"wp-block-cover is-light\" style=\"min-height:133px;aspect-ratio:unset;\"><span aria-hidden=\"true\" class=\"wp-block-cover__background has-background-dim\" style=\"background-color:#e8e8e7\"><\/span><img loading=\"lazy\" decoding=\"async\" width=\"1000\" height=\"708\" class=\"wp-block-cover__image-background wp-image-17827\" alt=\"\" src=\"https:\/\/charleroi-metropole.be\/wp-content\/uploads\/2024\/11\/citypass.png\" data-object-fit=\"cover\" srcset=\"https:\/\/charleroi-metropole.be\/wp-content\/uploads\/2024\/11\/citypass.png 1000w, https:\/\/charleroi-metropole.be\/wp-content\/uploads\/2024\/11\/citypass-600x425.png 600w, https:\/\/charleroi-metropole.be\/wp-content\/uploads\/2024\/11\/citypass-768x544.png 768w\" sizes=\"(max-width: 1000px) 100vw, 1000px\" \/><div class=\"wp-block-cover__inner-container is-layout-constrained wp-block-cover-is-layout-constrained\">\n<p class=\"has-text-align-center\" style=\"font-size:2.6rem\"><strong><a href=\"https:\/\/charleroi-metropole.be\/fr\/home\/se-deplacer\/des-transports-en-commun-pour-rejoindre-les-villes-et-les-villages-de-charleroi-metropole\/des-formules-tarifaires-adaptees-aux-usages\/\">Des formules tarifaires adapt\u00e9es aux usages\u00a0et un City Pass train, m\u00e9tro et bus<\/a><\/strong><\/p>\n<\/div><\/div>\n<\/div>\n\n\n\n<div class=\"wp-block-column is-layout-flow wp-block-column-is-layout-flow\">\n<div class=\"wp-block-cover is-light\" style=\"min-height:133px;aspect-ratio:unset;\"><span aria-hidden=\"true\" class=\"wp-block-cover__background has-background-dim\" style=\"background-color:#758a91\"><\/span><img loading=\"lazy\" decoding=\"async\" width=\"612\" height=\"408\" class=\"wp-block-cover__image-background wp-image-17820\" alt=\"\" src=\"https:\/\/charleroi-metropole.be\/wp-content\/uploads\/2024\/11\/reseau-transports.jpg\" data-object-fit=\"cover\" srcset=\"https:\/\/charleroi-metropole.be\/wp-content\/uploads\/2024\/11\/reseau-transports.jpg 612w, https:\/\/charleroi-metropole.be\/wp-content\/uploads\/2024\/11\/reseau-transports-600x400.jpg 600w\" sizes=\"(max-width: 612px) 100vw, 612px\" \/><div class=\"wp-block-cover__inner-container is-layout-constrained wp-block-cover-is-layout-constrained\">\n<p class=\"has-text-align-center\" style=\"font-size:2.6rem\"><strong><a href=\"https:\/\/charleroi-metropole.be\/fr\/home\/se-deplacer\/des-transports-en-commun-pour-rejoindre-les-villes-et-les-villages-de-charleroi-metropole\/un-reseau-en-evolution-pour-une-offre-etendue-et-amelioree\/\">Un r\u00e9seau en \u00e9volution, pour une offre \u00e9tendue et am\u00e9lior\u00e9e<\/a><\/strong><\/p>\n<\/div><\/div>\n<\/div>\n<\/div>\n\n\n\n<p style=\"font-size:24px\"><\/p>\n\n\n\n<div style=\"height:35px\" aria-hidden=\"true\" class=\"wp-block-spacer\"><\/div>\n\n\n\n<p><\/p>\n","protected":false},"excerpt":{"rendered":"","protected":false},"author":18,"featured_media":0,"parent":17751,"menu_order":0,"comment_status":"closed","ping_status":"closed","template":"","meta":{"footnotes":""},"class_list":["post-17795","page","type-page","status-publish","hentry"],"_links":{"self":[{"href":"https:\/\/charleroi-metropole.be\/fr\/wp-json\/wp\/v2\/pages\/17795"}],"collection":[{"href":"https:\/\/charleroi-metropole.be\/fr\/wp-json\/wp\/v2\/pages"}],"about":[{"href":"https:\/\/charleroi-metropole.be\/fr\/wp-json\/wp\/v2\/types\/page"}],"author":[{"embeddable":true,"href":"https:\/\/charleroi-metropole.be\/fr\/wp-json\/wp\/v2\/users\/18"}],"replies":[{"embeddable":true,"href":"https:\/\/charleroi-metropole.be\/fr\/wp-json\/wp\/v2\/comments?post=17795"}],"version-history":[{"count":14,"href":"https:\/\/charleroi-metropole.be\/fr\/wp-json\/wp\/v2\/pages\/17795\/revisions"}],"predecessor-version":[{"id":18797,"href":"https:\/\/charleroi-metropole.be\/fr\/wp-json\/wp\/v2\/pages\/17795\/revisions\/18797"}],"up":[{"embeddable":true,"href":"https:\/\/charleroi-metropole.be\/fr\/wp-json\/wp\/v2\/pages\/17751"}],"wp:attachment":[{"href":"https:\/\/charleroi-metropole.be\/fr\/wp-json\/wp\/v2\/media?parent=17795"}],"curies":[{"name":"wp","href":"https:\/\/api.w.org\/{rel}","templated":true}]}}

Des transports en commun, pour rejoindre les villes et les villages de Charleroi Métropole

<div style="height:39px" aria-hidden="true" class="wp-block-spacer"></div>



<div class="wp-block-group alignfull is-layout-constrained wp-block-group-is-layout-constrained">
<div class="wp-block-cover alignfull is-light" style="min-height:297px;aspect-ratio:unset;"><span aria-hidden="true" class="wp-block-cover__background has-background-dim" style="background-color:#b8a599"></span><img loading="lazy" decoding="async" width="1500" height="999" class="wp-block-cover__image-background wp-image-17752" alt="" src="https://charleroi-metropole.be/wp-content/uploads/2024/11/Metro-Carolo-40-sur-42.jpg" data-object-fit="cover" srcset="https://charleroi-metropole.be/wp-content/uploads/2024/11/Metro-Carolo-40-sur-42.jpg 1500w, https://charleroi-metropole.be/wp-content/uploads/2024/11/Metro-Carolo-40-sur-42-600x400.jpg 600w, https://charleroi-metropole.be/wp-content/uploads/2024/11/Metro-Carolo-40-sur-42-768x511.jpg 768w" sizes="(max-width: 1500px) 100vw, 1500px" /><div class="wp-block-cover__inner-container is-layout-constrained wp-block-cover-is-layout-constrained">
<h2 class="wp-block-heading has-text-align-left" style="font-size:3.3rem">Des transports en commun, pour rejoindre les villes et les villages de Charleroi Métropole</h2>



<p></p>



<div style="height:16px" aria-hidden="true" class="wp-block-spacer"></div>



<p style="font-size:21px"><strong>Un réseau de 130 lignes de bus (TEC) et de 43 gares ferroviaires (SNCB), offre aux habitants et visiteurs une variété de solutions pour répondre aux besoins de déplacements, au sein de la Métropole ou vers les principales villes belges. </strong><br></p>
</div></div>
</div>



<div style="height:71px" aria-hidden="true" class="wp-block-spacer"></div>



<div class="wp-block-columns is-layout-flex wp-container-core-columns-is-layout-1 wp-block-columns-is-layout-flex">
<div class="wp-block-column is-layout-flow wp-block-column-is-layout-flow">
<div class="wp-block-cover" style="min-height:133px;aspect-ratio:unset;"><span aria-hidden="true" class="wp-block-cover__background has-background-dim" style="background-color:#5a5144"></span><img loading="lazy" decoding="async" width="1240" height="800" class="wp-block-cover__image-background wp-image-6180" alt="" src="https://charleroi-metropole.be/wp-content/uploads/2020/09/cover-mobilite.jpg" data-object-fit="cover" srcset="https://charleroi-metropole.be/wp-content/uploads/2020/09/cover-mobilite.jpg 1240w, https://charleroi-metropole.be/wp-content/uploads/2020/09/cover-mobilite-600x387.jpg 600w, https://charleroi-metropole.be/wp-content/uploads/2020/09/cover-mobilite-768x495.jpg 768w" sizes="(max-width: 1240px) 100vw, 1240px" /><div class="wp-block-cover__inner-container is-layout-constrained wp-block-cover-is-layout-constrained">
<p class="has-text-align-center" style="font-size:2.6rem"><strong><a href="https://charleroi-metropole.be/fr/home/se-deplacer/des-transports-en-commun-pour-rejoindre-les-villes-et-les-villages-de-charleroi-metropole/des-bus-et-des-metros-pour-une-desserte-fine-et-adaptee/">Des bus et des métros, pour une desserte fine et adaptée</a></strong></p>
</div></div>
</div>



<div class="wp-block-column is-layout-flow wp-block-column-is-layout-flow">
<div class="wp-block-cover" style="min-height:133px;aspect-ratio:unset;"><span aria-hidden="true" class="wp-block-cover__background has-background-dim" style="background-color:#6f7a94"></span><img loading="lazy" decoding="async" width="1500" height="1000" class="wp-block-cover__image-background wp-image-743" alt="" src="https://charleroi-metropole.be/wp-content/uploads/2018/09/fotolia_42236498_subscription_monthly_xxl.jpg" data-object-fit="cover" srcset="https://charleroi-metropole.be/wp-content/uploads/2018/09/fotolia_42236498_subscription_monthly_xxl.jpg 1500w, https://charleroi-metropole.be/wp-content/uploads/2018/09/fotolia_42236498_subscription_monthly_xxl-600x400.jpg 600w, https://charleroi-metropole.be/wp-content/uploads/2018/09/fotolia_42236498_subscription_monthly_xxl-768x512.jpg 768w" sizes="(max-width: 1500px) 100vw, 1500px" /><div class="wp-block-cover__inner-container is-layout-constrained wp-block-cover-is-layout-constrained">
<p class="has-text-align-center" style="font-size:2.6rem"><strong><a href="https://charleroi-metropole.be/fr/home/se-deplacer/des-transports-en-commun-pour-rejoindre-les-villes-et-les-villages-de-charleroi-metropole/le-train-pour-relier-les-villes-et-les-centres-urbains/">Le train, pour relier les villes et les centres urbains</a></strong></p>
</div></div>
</div>
</div>



<div style="height:22px" aria-hidden="true" class="wp-block-spacer"></div>



<div class="wp-block-columns is-layout-flex wp-container-core-columns-is-layout-2 wp-block-columns-is-layout-flex">
<div class="wp-block-column is-layout-flow wp-block-column-is-layout-flow">
<div class="wp-block-cover is-light" style="min-height:133px;aspect-ratio:unset;"><span aria-hidden="true" class="wp-block-cover__background has-background-dim" style="background-color:#e8e8e7"></span><img loading="lazy" decoding="async" width="1000" height="708" class="wp-block-cover__image-background wp-image-17827" alt="" src="https://charleroi-metropole.be/wp-content/uploads/2024/11/citypass.png" data-object-fit="cover" srcset="https://charleroi-metropole.be/wp-content/uploads/2024/11/citypass.png 1000w, https://charleroi-metropole.be/wp-content/uploads/2024/11/citypass-600x425.png 600w, https://charleroi-metropole.be/wp-content/uploads/2024/11/citypass-768x544.png 768w" sizes="(max-width: 1000px) 100vw, 1000px" /><div class="wp-block-cover__inner-container is-layout-constrained wp-block-cover-is-layout-constrained">
<p class="has-text-align-center" style="font-size:2.6rem"><strong><a href="https://charleroi-metropole.be/fr/home/se-deplacer/des-transports-en-commun-pour-rejoindre-les-villes-et-les-villages-de-charleroi-metropole/des-formules-tarifaires-adaptees-aux-usages/">Des formules tarifaires adaptées aux usages et un City Pass train, métro et bus</a></strong></p>
</div></div>
</div>



<div class="wp-block-column is-layout-flow wp-block-column-is-layout-flow">
<div class="wp-block-cover is-light" style="min-height:133px;aspect-ratio:unset;"><span aria-hidden="true" class="wp-block-cover__background has-background-dim" style="background-color:#758a91"></span><img loading="lazy" decoding="async" width="612" height="408" class="wp-block-cover__image-background wp-image-17820" alt="" src="https://charleroi-metropole.be/wp-content/uploads/2024/11/reseau-transports.jpg" data-object-fit="cover" srcset="https://charleroi-metropole.be/wp-content/uploads/2024/11/reseau-transports.jpg 612w, https://charleroi-metropole.be/wp-content/uploads/2024/11/reseau-transports-600x400.jpg 600w" sizes="(max-width: 612px) 100vw, 612px" /><div class="wp-block-cover__inner-container is-layout-constrained wp-block-cover-is-layout-constrained">
<p class="has-text-align-center" style="font-size:2.6rem"><strong><a href="https://charleroi-metropole.be/fr/home/se-deplacer/des-transports-en-commun-pour-rejoindre-les-villes-et-les-villages-de-charleroi-metropole/un-reseau-en-evolution-pour-une-offre-etendue-et-amelioree/">Un réseau en évolution, pour une offre étendue et améliorée</a></strong></p>
</div></div>
</div>
</div>



<p style="font-size:24px"></p>



<div style="height:35px" aria-hidden="true" class="wp-block-spacer"></div>



<p></p>
