{"id":17441,"date":"2024-11-14T11:57:30","date_gmt":"2024-11-14T09:57:30","guid":{"rendered":"https:\/\/charleroi-metropole.be\/?page_id=17441"},"modified":"2024-11-21T16:11:21","modified_gmt":"2024-11-21T14:11:21","slug":"des-espaces-de-coworking","status":"publish","type":"page","link":"https:\/\/charleroi-metropole.be\/fr\/home\/entreprendre\/lancer-et-developper-son-entreprise\/des-espaces-de-coworking\/","title":{"rendered":"Des espaces de coworking"},"content":{"rendered":"\n<div class=\"wp-block-group alignfull is-layout-constrained wp-block-group-is-layout-constrained\">\n<div class=\"wp-block-cover alignfull is-light\" style=\"min-height:297px;aspect-ratio:unset;\"><span aria-hidden=\"true\" class=\"wp-block-cover__background has-background-dim\" style=\"background-color:#b8a599\"><\/span><img loading=\"lazy\" decoding=\"async\" width=\"1400\" height=\"660\" class=\"wp-block-cover__image-background wp-image-1872\" alt=\"\" src=\"https:\/\/charleroi-metropole.be\/wp-content\/uploads\/2018\/09\/entreprendre-et-travailler-lancer-son-entreprise.png\" data-object-fit=\"cover\" srcset=\"https:\/\/charleroi-metropole.be\/wp-content\/uploads\/2018\/09\/entreprendre-et-travailler-lancer-son-entreprise.png 1400w, https:\/\/charleroi-metropole.be\/wp-content\/uploads\/2018\/09\/entreprendre-et-travailler-lancer-son-entreprise-600x283.png 600w, https:\/\/charleroi-metropole.be\/wp-content\/uploads\/2018\/09\/entreprendre-et-travailler-lancer-son-entreprise-768x362.png 768w\" sizes=\"(max-width: 1400px) 100vw, 1400px\" \/><div class=\"wp-block-cover__inner-container is-layout-constrained wp-block-cover-is-layout-constrained\">\n<h2 class=\"wp-block-heading has-text-align-left\" style=\"font-size:4.1rem\">Des espaces de coworking<\/h2>\n\n\n\n<p><\/p>\n\n\n\n<p style=\"font-size:22px\"><strong>Les \u00ab coworkings \u00bb proposent des espaces de travail \u00e0 des ind\u00e9pendants, des startupers, des salari\u00e9s ou des porteurs de projets. Charleroi M\u00e9tropole en compte plusieurs\u2026<\/strong><\/p>\n<\/div><\/div>\n<\/div>\n\n\n\n<div style=\"height:100px\" aria-hidden=\"true\" class=\"wp-block-spacer\"><\/div>\n\n\n\n<p style=\"font-size:20px\">Les \u00ab coworkings \u00bb proposent un cadre adapt\u00e9 aux besoins des porteurs de projets. Ils offrent de multiples possibilit\u00e9s de collaborer, de d\u00e9velopper des nouvelles id\u00e9es et de r\u00e9seauter. Vous en trouverez plusieurs sur le territoire de Charleroi M\u00e9tropole.<\/p>\n\n\n\n<div style=\"height:37px\" aria-hidden=\"true\" class=\"wp-block-spacer\"><\/div>\n\n\n\n<p style=\"font-size:20px\">Tout d&rsquo;abord, <a href=\"https:\/\/charleroi-entreprendre.be\/nos-espaces\/\" target=\"_blank\" rel=\"noreferrer noopener\"><strong>Charleroi Entreprendre<\/strong><\/a> propose&nbsp;des espaces de partage, de collaboration et de r\u00e9seautage. Ce coworking, ouvert 24h\/24 et 7j\/7, met \u00e0 disposition des coworkers et des visiteurs ext\u00e9rieurs des salles de r\u00e9union ou de conf\u00e9rence.<\/p>\n\n\n\n<div style=\"height:37px\" aria-hidden=\"true\" class=\"wp-block-spacer\"><\/div>\n\n\n\n<div class=\"wp-block-media-text has-media-on-the-right is-stacked-on-mobile\" style=\"grid-template-columns:auto 41%\"><div class=\"wp-block-media-text__content\">\n<p style=\"font-size:20px\">Ensuite, <strong><a href=\"https:\/\/www.a6k.be\/\" target=\"_blank\" rel=\"noreferrer noopener\">A6K<\/a><\/strong>&nbsp;offre des espaces inspirants, motivants et collaboratifs. Salles de r\u00e9union, espace caf\u00e9t\u00e9ria, \u00e9quipements partag\u00e9s, \u00e9v\u00e9nements\u2026 C\u2019est un \u00e9cosyst\u00e8me num\u00e9rique qui souhaite fournir \u00e0 sa communaut\u00e9 tous les moyens n\u00e9cessaires pour se d\u00e9velopper et innover. Diff\u00e9rentes options s\u2019offrent \u00e0 vous pour occuper les espaces en fonction de vos besoins.<\/p>\n\n\n\n<p><\/p>\n\n\n\n<p style=\"font-size:20px\">L\u2019espace Coworking de <strong><a href=\"https:\/\/charlewood.com\/cowork\/\" target=\"_blank\" rel=\"noreferrer noopener\">CharleWood<\/a> <\/strong>permet de d\u00e9velopper un projet professionnel dans le domaine de l\u2019audiovisuel. Situ\u00e9 au sein des locaux de la RTBF, les infrastructures et l\u2019ambiance des lieux favorisent l\u2019\u00e9mergence de projets cr\u00e9atifs.<\/p>\n<\/div><figure class=\"wp-block-media-text__media\"><img loading=\"lazy\" decoding=\"async\" width=\"1000\" height=\"666\" src=\"https:\/\/charleroi-metropole.be\/wp-content\/uploads\/2024\/10\/A6k.jpg\" alt=\"\" class=\"wp-image-17467 size-full\" srcset=\"https:\/\/charleroi-metropole.be\/wp-content\/uploads\/2024\/10\/A6k.jpg 1000w, https:\/\/charleroi-metropole.be\/wp-content\/uploads\/2024\/10\/A6k-600x400.jpg 600w, https:\/\/charleroi-metropole.be\/wp-content\/uploads\/2024\/10\/A6k-768x511.jpg 768w\" sizes=\"(max-width: 1000px) 100vw, 1000px\" \/><\/figure><\/div>\n\n\n\n<p style=\"font-size:20px\"><\/p>\n\n\n\n<div style=\"height:37px\" aria-hidden=\"true\" class=\"wp-block-spacer\"><\/div>\n\n\n\n<p style=\"font-size:20px\">L\u2019\u00e9co-construction\u00a0<a href=\"http:\/\/monkeybridge.be\/\" target=\"_blank\" rel=\"noreferrer noopener\"><strong>Monkey Bridge<\/strong><\/a>\u00a0est un espace de coworking et un incubateur. Localis\u00e9 au coeur du Brussels South Charleroi Biopark, \u00e0 c\u00f4t\u00e9 de l\u2019a\u00e9roport, il est d\u00e9di\u00e9s aux start-up innovantes.<\/p>\n\n\n\n<div style=\"height:37px\" aria-hidden=\"true\" class=\"wp-block-spacer\"><\/div>\n\n\n\n<p style=\"font-size:20px\"><a href=\"https:\/\/composite-charleroi.be\/\" target=\"_blank\" rel=\"noreferrer noopener\"><strong>Composite \u2013 Espaces Cr\u00e9atifs Partag\u00e9s<\/strong><\/a>&nbsp;propose un ensemble de lieux de travail conjuguant convivialit\u00e9, rencontres et collaboration. Les lieux ambitionnent de d\u00e9velopper un r\u00e9seau professionnel et solidaire de cr\u00e9ateurs et de cr\u00e9atifs \u00e0 Charleroi.<\/p>\n\n\n\n<div style=\"height:37px\" aria-hidden=\"true\" class=\"wp-block-spacer\"><\/div>\n\n\n\n<p style=\"font-size:20px\">Du c\u00f4t\u00e9 de Fleurus \u00e9galement, <strong><a href=\"https:\/\/sruk.be\/\" target=\"_blank\" rel=\"noreferrer noopener\">Sruk<\/a><\/strong> propose 5 espaces de travail d\u00e9cor\u00e9s avec go\u00fbt, pour des \u00e9quipes de 1 \u00e0 8 personnes.<\/p>\n\n\n\n<div style=\"height:37px\" aria-hidden=\"true\" class=\"wp-block-spacer\"><\/div>\n\n\n\n<p style=\"font-size:20px\"><\/p>\n\n\n\n<div class=\"wp-block-media-text is-stacked-on-mobile\" style=\"grid-template-columns:41% auto\"><figure class=\"wp-block-media-text__media\"><img loading=\"lazy\" decoding=\"async\" width=\"1000\" height=\"750\" src=\"https:\/\/charleroi-metropole.be\/wp-content\/uploads\/2024\/10\/In-tudinio-1.jpg\" alt=\"\" class=\"wp-image-17449 size-full\" srcset=\"https:\/\/charleroi-metropole.be\/wp-content\/uploads\/2024\/10\/In-tudinio-1.jpg 1000w, https:\/\/charleroi-metropole.be\/wp-content\/uploads\/2024\/10\/In-tudinio-1-600x450.jpg 600w, https:\/\/charleroi-metropole.be\/wp-content\/uploads\/2024\/10\/In-tudinio-1-768x576.jpg 768w\" sizes=\"(max-width: 1000px) 100vw, 1000px\" \/><\/figure><div class=\"wp-block-media-text__content\">\n<p style=\"font-size:20px\">Tandis qu&rsquo;\u00e0 Anderlues, l\u2019<strong><a href=\"https:\/\/espacecoworking.be\/\" target=\"_blank\" rel=\"noreferrer noopener\">Espace Coworking<\/a><\/strong> accueille tout corps de m\u00e9tier. Les salles de r\u00e9union permettent de recevoir clients et collaborateurs pour un \u00e9v\u00e9nement, une d\u00e9monstration de produits ou encore une d\u00e9gustation. Les lieux sont contemporains&nbsp;et \u00e9l\u00e9gants, et peuvent accueillir jusqu\u2019\u00e0 25 personnes.<\/p>\n\n\n\n<div style=\"height:20px\" aria-hidden=\"true\" class=\"wp-block-spacer\"><\/div>\n\n\n\n<p style=\"font-size:20px\"><a href=\"https:\/\/intudinio.be\/accueil-professionnel\/\" target=\"_blank\" rel=\"noreferrer noopener\"><strong>In Tudinio<\/strong><\/a>, \u00e0 Thuin, propose aussi, dans une magnifique maison de ma\u00eetre enti\u00e8rement r\u00e9nov\u00e9e, des espaces flexibles pour de l&rsquo;\u00e9v\u00e8nementiel, de r\u00e9unions d\u2019affaires ou de travail. L\u2019acc\u00e8s est r\u00e9serv\u00e9 aux entreprises, aux ind\u00e9pendants, aux porteurs de projet ou start-ups.<\/p>\n<\/div><\/div>\n\n\n\n<div style=\"height:37px\" aria-hidden=\"true\" class=\"wp-block-spacer\"><\/div>\n\n\n<aside class=\"useful-links\">\n    <ul class=\"useful-links__list\">\n                    <li class=\"useful-links__item\">\n                <a href=\"https:\/\/charleroi-metropole.be\/fr\/decouvrir\/un-nouvel-espace-flexible-pour-vos-bureaux-vos-evenements-ou-vos-reunions-daffaires\/\">\n                    <figure class=\"useful-links__fig\">\n                                                    <img decoding=\"async\" src=\"https:\/\/charleroi-metropole.be\/wp-content\/uploads\/2021\/11\/img_9075-500x0-c-default.jpg\" alt=\"Un nouvel espace flexible pour vos bureaux, vos \u00e9v\u00e9nements ou vos r\u00e9unions d\u2019affaires\" class=\"useful-links__img\">\n                                            <\/figure>\n\n                    <span class=\"useful-links__title\">Un nouvel espace flexible pour vos bureaux, vos \u00e9v\u00e9nements ou vos r\u00e9unions d\u2019affaires<\/span>\n                <\/a>\n            <\/li>\n            <\/ul>\n<\/aside>\n\n\n\n\n<div style=\"height:37px\" aria-hidden=\"true\" class=\"wp-block-spacer\"><\/div>\n\n\n\n<div class=\"wp-block-media-text has-media-on-the-right is-stacked-on-mobile\" style=\"grid-template-columns:auto 44%\"><div class=\"wp-block-media-text__content\">\n<p style=\"font-size:19px\">Vous trouverez \u00e9galement&nbsp;<strong><a href=\"http:\/\/www.partnershouse.be\/\" target=\"_blank\" rel=\"noreferrer noopener\">Partners House<\/a><\/strong>&nbsp;\u00e0 Walcourt. <\/p>\n\n\n\n<p style=\"font-size:19px\">Enfin, \u00e0 Chimay, le tiers-lieu <strong><a href=\"https:\/\/madeinchimay.be\/\" target=\"_blank\" rel=\"noreferrer noopener\">Made In Chimay<\/a> <\/strong>propose, en plus d\u2019une boutique de cr\u00e9ateurs locaux, un coworking, un studio et un espace d\u2019innovation. L\u2019objectif de ce tiers-lieu est d\u2019accompagner, au travers des ateliers, formations et \u00e9v\u00e9nements communautaires et collaboratifs,&nbsp;celles et ceux qui souhaitent d\u00e9velopper leur produit, projet et\/ou structure.<\/p>\n<\/div><figure class=\"wp-block-media-text__media\"><img loading=\"lazy\" decoding=\"async\" width=\"1000\" height=\"666\" src=\"https:\/\/charleroi-metropole.be\/wp-content\/uploads\/2024\/10\/made-in-chimay.jpg\" alt=\"\" class=\"wp-image-17452 size-full\" srcset=\"https:\/\/charleroi-metropole.be\/wp-content\/uploads\/2024\/10\/made-in-chimay.jpg 1000w, https:\/\/charleroi-metropole.be\/wp-content\/uploads\/2024\/10\/made-in-chimay-600x400.jpg 600w, https:\/\/charleroi-metropole.be\/wp-content\/uploads\/2024\/10\/made-in-chimay-768x511.jpg 768w\" sizes=\"(max-width: 1000px) 100vw, 1000px\" \/><\/figure><\/div>\n\n\n\n<p><\/p>\n\n\n\n<div style=\"height:37px\" aria-hidden=\"true\" class=\"wp-block-spacer\"><\/div>\n","protected":false},"excerpt":{"rendered":"<p>Les \u00ab coworkings \u00bb proposent un cadre adapt\u00e9 aux besoins des porteurs de projets. Ils offrent de multiples possibilit\u00e9s de collaborer, de d\u00e9velopper des nouvelles id\u00e9es et de r\u00e9seauter. Vous en trouverez plusieurs sur le territoire de Charleroi M\u00e9tropole. Tout d&rsquo;abord, Charleroi Entreprendre propose&nbsp;des espaces de partage, de collaboration et de r\u00e9seautage. Ce coworking, ouvert [&hellip;]<\/p>\n","protected":false},"author":18,"featured_media":0,"parent":16862,"menu_order":0,"comment_status":"closed","ping_status":"closed","template":"","meta":{"footnotes":""},"class_list":["post-17441","page","type-page","status-publish","hentry"],"_links":{"self":[{"href":"https:\/\/charleroi-metropole.be\/fr\/wp-json\/wp\/v2\/pages\/17441"}],"collection":[{"href":"https:\/\/charleroi-metropole.be\/fr\/wp-json\/wp\/v2\/pages"}],"about":[{"href":"https:\/\/charleroi-metropole.be\/fr\/wp-json\/wp\/v2\/types\/page"}],"author":[{"embeddable":true,"href":"https:\/\/charleroi-metropole.be\/fr\/wp-json\/wp\/v2\/users\/18"}],"replies":[{"embeddable":true,"href":"https:\/\/charleroi-metropole.be\/fr\/wp-json\/wp\/v2\/comments?post=17441"}],"version-history":[{"count":12,"href":"https:\/\/charleroi-metropole.be\/fr\/wp-json\/wp\/v2\/pages\/17441\/revisions"}],"predecessor-version":[{"id":18274,"href":"https:\/\/charleroi-metropole.be\/fr\/wp-json\/wp\/v2\/pages\/17441\/revisions\/18274"}],"up":[{"embeddable":true,"href":"https:\/\/charleroi-metropole.be\/fr\/wp-json\/wp\/v2\/pages\/16862"}],"wp:attachment":[{"href":"https:\/\/charleroi-metropole.be\/fr\/wp-json\/wp\/v2\/media?parent=17441"}],"curies":[{"name":"wp","href":"https:\/\/api.w.org\/{rel}","templated":true}]}}

<div class="wp-block-group alignfull is-layout-constrained wp-block-group-is-layout-constrained">
<div class="wp-block-cover alignfull is-light" style="min-height:297px;aspect-ratio:unset;"><span aria-hidden="true" class="wp-block-cover__background has-background-dim" style="background-color:#b8a599"></span><img loading="lazy" decoding="async" width="1400" height="660" class="wp-block-cover__image-background wp-image-1872" alt="" src="https://charleroi-metropole.be/wp-content/uploads/2018/09/entreprendre-et-travailler-lancer-son-entreprise.png" data-object-fit="cover" srcset="https://charleroi-metropole.be/wp-content/uploads/2018/09/entreprendre-et-travailler-lancer-son-entreprise.png 1400w, https://charleroi-metropole.be/wp-content/uploads/2018/09/entreprendre-et-travailler-lancer-son-entreprise-600x283.png 600w, https://charleroi-metropole.be/wp-content/uploads/2018/09/entreprendre-et-travailler-lancer-son-entreprise-768x362.png 768w" sizes="(max-width: 1400px) 100vw, 1400px" /><div class="wp-block-cover__inner-container is-layout-constrained wp-block-cover-is-layout-constrained">
<h2 class="wp-block-heading has-text-align-left" style="font-size:4.1rem">Des espaces de coworking</h2>



<p></p>



<p style="font-size:22px"><strong>Les « coworkings » proposent des espaces de travail à des indépendants, des startupers, des salariés ou des porteurs de projets. Charleroi Métropole en compte plusieurs…</strong></p>
</div></div>
</div>



<div style="height:100px" aria-hidden="true" class="wp-block-spacer"></div>



<p style="font-size:20px">Les « coworkings » proposent un cadre adapté aux besoins des porteurs de projets. Ils offrent de multiples possibilités de collaborer, de développer des nouvelles idées et de réseauter. Vous en trouverez plusieurs sur le territoire de Charleroi Métropole.</p>



<div style="height:37px" aria-hidden="true" class="wp-block-spacer"></div>



<p style="font-size:20px">Tout d&rsquo;abord, <a href="https://charleroi-entreprendre.be/nos-espaces/" target="_blank" rel="noreferrer noopener"><strong>Charleroi Entreprendre</strong></a> propose&nbsp;des espaces de partage, de collaboration et de réseautage. Ce coworking, ouvert 24h/24 et 7j/7, met à disposition des coworkers et des visiteurs extérieurs des salles de réunion ou de conférence.</p>



<div style="height:37px" aria-hidden="true" class="wp-block-spacer"></div>



<div class="wp-block-media-text has-media-on-the-right is-stacked-on-mobile" style="grid-template-columns:auto 41%"><div class="wp-block-media-text__content">
<p style="font-size:20px">Ensuite, <strong><a href="https://www.a6k.be/" target="_blank" rel="noreferrer noopener">A6K</a></strong>&nbsp;offre des espaces inspirants, motivants et collaboratifs. Salles de réunion, espace cafétéria, équipements partagés, événements… C’est un écosystème numérique qui souhaite fournir à sa communauté tous les moyens nécessaires pour se développer et innover. Différentes options s’offrent à vous pour occuper les espaces en fonction de vos besoins.</p>



<p></p>



<p style="font-size:20px">L’espace Coworking de <strong><a href="https://charlewood.com/cowork/" target="_blank" rel="noreferrer noopener">CharleWood</a> </strong>permet de développer un projet professionnel dans le domaine de l’audiovisuel. Situé au sein des locaux de la RTBF, les infrastructures et l’ambiance des lieux favorisent l’émergence de projets créatifs.</p>
</div><figure class="wp-block-media-text__media"><img loading="lazy" decoding="async" width="1000" height="666" src="https://charleroi-metropole.be/wp-content/uploads/2024/10/A6k.jpg" alt="" class="wp-image-17467 size-full" srcset="https://charleroi-metropole.be/wp-content/uploads/2024/10/A6k.jpg 1000w, https://charleroi-metropole.be/wp-content/uploads/2024/10/A6k-600x400.jpg 600w, https://charleroi-metropole.be/wp-content/uploads/2024/10/A6k-768x511.jpg 768w" sizes="(max-width: 1000px) 100vw, 1000px" /></figure></div>



<p style="font-size:20px"></p>



<div style="height:37px" aria-hidden="true" class="wp-block-spacer"></div>



<p style="font-size:20px">L’éco-construction <a href="http://monkeybridge.be/" target="_blank" rel="noreferrer noopener"><strong>Monkey Bridge</strong></a> est un espace de coworking et un incubateur. Localisé au coeur du Brussels South Charleroi Biopark, à côté de l’aéroport, il est dédiés aux start-up innovantes.</p>



<div style="height:37px" aria-hidden="true" class="wp-block-spacer"></div>



<p style="font-size:20px"><a href="https://composite-charleroi.be/" target="_blank" rel="noreferrer noopener"><strong>Composite – Espaces Créatifs Partagés</strong></a>&nbsp;propose un ensemble de lieux de travail conjuguant convivialité, rencontres et collaboration. Les lieux ambitionnent de développer un réseau professionnel et solidaire de créateurs et de créatifs à Charleroi.</p>



<div style="height:37px" aria-hidden="true" class="wp-block-spacer"></div>



<p style="font-size:20px">Du côté de Fleurus également, <strong><a href="https://sruk.be/" target="_blank" rel="noreferrer noopener">Sruk</a></strong> propose 5 espaces de travail décorés avec goût, pour des équipes de 1 à 8 personnes.</p>



<div style="height:37px" aria-hidden="true" class="wp-block-spacer"></div>



<p style="font-size:20px"></p>



<div class="wp-block-media-text is-stacked-on-mobile" style="grid-template-columns:41% auto"><figure class="wp-block-media-text__media"><img loading="lazy" decoding="async" width="1000" height="750" src="https://charleroi-metropole.be/wp-content/uploads/2024/10/In-tudinio-1.jpg" alt="" class="wp-image-17449 size-full" srcset="https://charleroi-metropole.be/wp-content/uploads/2024/10/In-tudinio-1.jpg 1000w, https://charleroi-metropole.be/wp-content/uploads/2024/10/In-tudinio-1-600x450.jpg 600w, https://charleroi-metropole.be/wp-content/uploads/2024/10/In-tudinio-1-768x576.jpg 768w" sizes="(max-width: 1000px) 100vw, 1000px" /></figure><div class="wp-block-media-text__content">
<p style="font-size:20px">Tandis qu&rsquo;à Anderlues, l’<strong><a href="https://espacecoworking.be/" target="_blank" rel="noreferrer noopener">Espace Coworking</a></strong> accueille tout corps de métier. Les salles de réunion permettent de recevoir clients et collaborateurs pour un événement, une démonstration de produits ou encore une dégustation. Les lieux sont contemporains&nbsp;et élégants, et peuvent accueillir jusqu’à 25 personnes.</p>



<div style="height:20px" aria-hidden="true" class="wp-block-spacer"></div>



<p style="font-size:20px"><a href="https://intudinio.be/accueil-professionnel/" target="_blank" rel="noreferrer noopener"><strong>In Tudinio</strong></a>, à Thuin, propose aussi, dans une magnifique maison de maître entièrement rénovée, des espaces flexibles pour de l&rsquo;évènementiel, de réunions d’affaires ou de travail. L’accès est réservé aux entreprises, aux indépendants, aux porteurs de projet ou start-ups.</p>
</div></div>



<div style="height:37px" aria-hidden="true" class="wp-block-spacer"></div>


<aside class="useful-links">
    <ul class="useful-links__list">
                    <li class="useful-links__item">
                <a href="https://charleroi-metropole.be/fr/decouvrir/un-nouvel-espace-flexible-pour-vos-bureaux-vos-evenements-ou-vos-reunions-daffaires/">
                    <figure class="useful-links__fig">
                                                    <img decoding="async" src="https://charleroi-metropole.be/wp-content/uploads/2021/11/img_9075-500x0-c-default.jpg" alt="Un nouvel espace flexible pour vos bureaux, vos événements ou vos réunions d’affaires" class="useful-links__img">
                                            </figure>

                    <span class="useful-links__title">Un nouvel espace flexible pour vos bureaux, vos événements ou vos réunions d’affaires</span>
                </a>
            </li>
            </ul>
</aside>




<div style="height:37px" aria-hidden="true" class="wp-block-spacer"></div>



<div class="wp-block-media-text has-media-on-the-right is-stacked-on-mobile" style="grid-template-columns:auto 44%"><div class="wp-block-media-text__content">
<p style="font-size:19px">Vous trouverez également&nbsp;<strong><a href="http://www.partnershouse.be/" target="_blank" rel="noreferrer noopener">Partners House</a></strong>&nbsp;à Walcourt. </p>



<p style="font-size:19px">Enfin, à Chimay, le tiers-lieu <strong><a href="https://madeinchimay.be/" target="_blank" rel="noreferrer noopener">Made In Chimay</a> </strong>propose, en plus d’une boutique de créateurs locaux, un coworking, un studio et un espace d’innovation. L’objectif de ce tiers-lieu est d’accompagner, au travers des ateliers, formations et événements communautaires et collaboratifs,&nbsp;celles et ceux qui souhaitent développer leur produit, projet et/ou structure.</p>
</div><figure class="wp-block-media-text__media"><img loading="lazy" decoding="async" width="1000" height="666" src="https://charleroi-metropole.be/wp-content/uploads/2024/10/made-in-chimay.jpg" alt="" class="wp-image-17452 size-full" srcset="https://charleroi-metropole.be/wp-content/uploads/2024/10/made-in-chimay.jpg 1000w, https://charleroi-metropole.be/wp-content/uploads/2024/10/made-in-chimay-600x400.jpg 600w, https://charleroi-metropole.be/wp-content/uploads/2024/10/made-in-chimay-768x511.jpg 768w" sizes="(max-width: 1000px) 100vw, 1000px" /></figure></div>



<p></p>



<div style="height:37px" aria-hidden="true" class="wp-block-spacer"></div>

<p>Les « coworkings » proposent un cadre adapté aux besoins des porteurs de projets. Ils offrent de multiples possibilités de collaborer, de développer des nouvelles idées et de réseauter. Vous en trouverez plusieurs sur le territoire de Charleroi Métropole. Tout d&rsquo;abord, Charleroi Entreprendre propose&nbsp;des espaces de partage, de collaboration et de réseautage. Ce coworking, ouvert [&hellip;]</p>
