{"id":16743,"date":"2024-11-13T11:04:30","date_gmt":"2024-11-13T09:04:30","guid":{"rendered":"https:\/\/charleroi-metropole.be\/?page_id=16743"},"modified":"2024-11-15T15:28:38","modified_gmt":"2024-11-15T13:28:38","slug":"entreprendre","status":"publish","type":"page","link":"https:\/\/charleroi-metropole.be\/fr\/home\/entreprendre\/","title":{"rendered":"Entreprendre"},"content":{"rendered":"\n<div class=\"wp-block-group alignfull is-layout-constrained wp-block-group-is-layout-constrained\">\n<div class=\"wp-block-group alignfull is-layout-constrained wp-block-group-is-layout-constrained\"><\/div>\n<\/div>\n\n\n\n<div class=\"wp-block-group alignfull is-layout-constrained wp-block-group-is-layout-constrained\">\n<div class=\"wp-block-cover alignfull is-light\" style=\"min-height:297px;aspect-ratio:unset;\"><span aria-hidden=\"true\" class=\"wp-block-cover__background has-background-dim\" style=\"background-color:#b8a599\"><\/span><img loading=\"lazy\" decoding=\"async\" width=\"1920\" height=\"1080\" class=\"wp-block-cover__image-background wp-image-1421\" alt=\"\" src=\"https:\/\/charleroi-metropole.be\/wp-content\/uploads\/2018\/11\/05_alstom_.00_01_23_24.still008.jpg\" data-object-fit=\"cover\" srcset=\"https:\/\/charleroi-metropole.be\/wp-content\/uploads\/2018\/11\/05_alstom_.00_01_23_24.still008.jpg 1920w, https:\/\/charleroi-metropole.be\/wp-content\/uploads\/2018\/11\/05_alstom_.00_01_23_24.still008-600x338.jpg 600w, https:\/\/charleroi-metropole.be\/wp-content\/uploads\/2018\/11\/05_alstom_.00_01_23_24.still008-768x432.jpg 768w, https:\/\/charleroi-metropole.be\/wp-content\/uploads\/2018\/11\/05_alstom_.00_01_23_24.still008-1600x900.jpg 1600w\" sizes=\"(max-width: 1920px) 100vw, 1920px\" \/><div class=\"wp-block-cover__inner-container is-layout-constrained wp-block-cover-is-layout-constrained\">\n<h2 class=\"wp-block-heading has-text-align-left\" style=\"font-size:3.8rem\">Entreprendre<\/h2>\n\n\n\n<p><\/p>\n\n\n\n<p style=\"font-size:22px\"><strong>Entreprendre ou travailler \u00e0 Charleroi M\u00e9tropole, c&rsquo;est s&rsquo;engager dans un environnement dynamique, propice \u00e0 l&rsquo;innovation et \u00e0 la croissance \u00e9conomique. Le territoire offre de nombreuses opportunit\u00e9s tant pour les entrepreneurs que pour les professionnels en qu\u00eate de d\u00e9fis.<\/strong><\/p>\n<\/div><\/div>\n<\/div>\n\n\n\n<div style=\"height:45px\" aria-hidden=\"true\" class=\"wp-block-spacer\"><\/div>\n\n\n\n<div class=\"wp-block-media-text is-stacked-on-mobile is-vertically-aligned-center wp-block-media-text_modified has-black-color has-text-color has-background has-link-color wp-elements-d85c2a2e9a4ea033e52422ae45f80e2e\" style=\"background-color:#9bafc6d6;grid-template-columns:45% auto\"><figure class=\"wp-block-media-text__media\"><img loading=\"lazy\" decoding=\"async\" width=\"1500\" height=\"849\" src=\"https:\/\/charleroi-metropole.be\/wp-content\/uploads\/2024\/08\/Gosselies-Biotech-5-Vue-D-200722.jpg\" alt=\"\" class=\"wp-image-16744 size-full\" srcset=\"https:\/\/charleroi-metropole.be\/wp-content\/uploads\/2024\/08\/Gosselies-Biotech-5-Vue-D-200722.jpg 1500w, https:\/\/charleroi-metropole.be\/wp-content\/uploads\/2024\/08\/Gosselies-Biotech-5-Vue-D-200722-600x340.jpg 600w, https:\/\/charleroi-metropole.be\/wp-content\/uploads\/2024\/08\/Gosselies-Biotech-5-Vue-D-200722-768x435.jpg 768w\" sizes=\"(max-width: 1500px) 100vw, 1500px\" \/><\/figure><div class=\"wp-block-media-text__content\">\n<div class=\"wp-block-group is-layout-constrained wp-block-group-is-layout-constrained\" style=\"padding-top:var(--wp--preset--spacing--30);padding-bottom:var(--wp--preset--spacing--30)\">\n<h2 class=\"wp-block-heading\" style=\"font-size:22px\">Investir dans la M\u00e9tropole<\/h2>\n\n\n\n<p style=\"font-size:20px\">Charleroi M\u00e9tropole jouit d\u2019une localisation et d\u2019une accessibilit\u00e9 exceptionnelles. La r\u00e9gion dispose d\u2019espaces, de main d\u2019\u0153uvre et de services d\u2019accompagnement qui encouragent les entreprises et les particuliers \u00e0 y investir.<\/p>\n<\/div>\n\n\n\n<div class=\"wp-block-buttons is-content-justification-center is-layout-flex wp-container-core-buttons-is-layout-1 wp-block-buttons-is-layout-flex\">\n<div class=\"wp-block-button has-custom-width wp-block-button__width-75 has-custom-font-size is-style-fill\" style=\"font-size:22px;font-style:normal;font-weight:700\"><a class=\"wp-block-button__link has-black-color has-text-color has-background has-link-color wp-element-button\" href=\"https:\/\/charleroi-metropole.be\/fr\/home\/entreprendre\/investir-a-charleroi-metropole\/\" style=\"border-width:1px;border-radius:100px;background-color:#9aafc6bf\">D\u00e9couvrez les points forts de la r\u00e9gion<\/a><\/div>\n<\/div>\n<\/div><\/div>\n\n\n\n<div style=\"height:48px\" aria-hidden=\"true\" class=\"wp-block-spacer\"><\/div>\n\n\n\n<div class=\"wp-block-media-text has-media-on-the-right is-stacked-on-mobile is-vertically-aligned-center wp-block-media-text_modified has-black-color has-text-color has-background has-link-color wp-elements-aafeac0760e0d847c813c593582fbe52\" style=\"background-color:#9dd1afd6;grid-template-columns:auto 40%\"><div class=\"wp-block-media-text__content\">\n<div class=\"wp-block-group is-layout-constrained wp-block-group-is-layout-constrained\" style=\"padding-top:var(--wp--preset--spacing--30);padding-bottom:var(--wp--preset--spacing--30)\">\n<h2 class=\"wp-block-heading\" style=\"font-size:22px\">Lancer et d\u00e9velopper son entreprise<\/h2>\n\n\n\n<p style=\"font-size:20px\">Quels que soient votre activit\u00e9 et vos besoins, des aides et des solutions existent \u00e0 Charleroi M\u00e9tropole pour vous accompagner.<\/p>\n<\/div>\n\n\n\n<div class=\"wp-block-buttons is-horizontal is-content-justification-center is-layout-flex wp-container-core-buttons-is-layout-2 wp-block-buttons-is-layout-flex\">\n<div class=\"wp-block-button has-custom-width wp-block-button__width-75 has-custom-font-size is-style-fill\" style=\"font-size:22px;font-style:normal;font-weight:700\"><a class=\"wp-block-button__link has-black-color has-text-color has-background has-link-color wp-element-button\" href=\"https:\/\/charleroi-metropole.be\/fr\/home\/entreprendre\/lancer-et-developper-son-entreprise\/\" style=\"border-width:1px;border-radius:100px;background-color:#9dd1afbf\">D\u00e9couvrez comment d\u00e9velopper votre activit\u00e9<\/a><\/div>\n<\/div>\n<\/div><figure class=\"wp-block-media-text__media\"><img loading=\"lazy\" decoding=\"async\" width=\"1500\" height=\"1125\" src=\"https:\/\/charleroi-metropole.be\/wp-content\/uploads\/2024\/01\/entreprendre_charleroi_metropole.webp\" alt=\"\" class=\"wp-image-15359 size-full\" srcset=\"https:\/\/charleroi-metropole.be\/wp-content\/uploads\/2024\/01\/entreprendre_charleroi_metropole.webp 1500w, https:\/\/charleroi-metropole.be\/wp-content\/uploads\/2024\/01\/entreprendre_charleroi_metropole-600x450.webp 600w, https:\/\/charleroi-metropole.be\/wp-content\/uploads\/2024\/01\/entreprendre_charleroi_metropole-768x576.webp 768w\" sizes=\"(max-width: 1500px) 100vw, 1500px\" \/><\/figure><\/div>\n\n\n\n<div style=\"height:48px\" aria-hidden=\"true\" class=\"wp-block-spacer\"><\/div>\n\n\n\n<div class=\"wp-block-media-text is-stacked-on-mobile is-vertically-aligned-center wp-block-media-text_modified has-black-color has-text-color has-background has-link-color wp-elements-ebb0d755a1e08f875c369ec9ca71491f\" style=\"background-color:#9bafc6d6;grid-template-columns:40% auto\"><figure class=\"wp-block-media-text__media\"><img loading=\"lazy\" decoding=\"async\" width=\"1600\" height=\"1067\" src=\"https:\/\/charleroi-metropole.be\/wp-content\/uploads\/2021\/08\/charleroi-metropole-se-former-metier-emploi-1600x1067.jpg\" alt=\"\" class=\"wp-image-7980 size-full\" srcset=\"https:\/\/charleroi-metropole.be\/wp-content\/uploads\/2021\/08\/charleroi-metropole-se-former-metier-emploi-1600x1067.jpg 1600w, https:\/\/charleroi-metropole.be\/wp-content\/uploads\/2021\/08\/charleroi-metropole-se-former-metier-emploi-600x400.jpg 600w, https:\/\/charleroi-metropole.be\/wp-content\/uploads\/2021\/08\/charleroi-metropole-se-former-metier-emploi-768x512.jpg 768w, https:\/\/charleroi-metropole.be\/wp-content\/uploads\/2021\/08\/charleroi-metropole-se-former-metier-emploi.jpg 1920w\" sizes=\"(max-width: 1600px) 100vw, 1600px\" \/><\/figure><div class=\"wp-block-media-text__content\">\n<div class=\"wp-block-group is-layout-constrained wp-block-group-is-layout-constrained\" style=\"padding-top:var(--wp--preset--spacing--30);padding-bottom:var(--wp--preset--spacing--30)\">\n<h2 class=\"wp-block-heading\" style=\"font-size:22px\">Trouver l&#8217;emploi de vos r\u00eaves<\/h2>\n\n\n\n<p style=\"font-size:20px\">Territoire en plein red\u00e9ploiement, Charleroi M\u00e9tropole compte de nombreux employeurs et institutions en perp\u00e9tuelle recherche de nouveaux talents. D\u00e9couvrez les trucs et astuces pour trouver l\u2019emploi id\u00e9al au c\u0153ur d\u2019une r\u00e9gion accueillante.<\/p>\n<\/div>\n\n\n\n<div class=\"wp-block-buttons is-content-justification-center is-layout-flex wp-container-core-buttons-is-layout-3 wp-block-buttons-is-layout-flex\">\n<div class=\"wp-block-button has-custom-width wp-block-button__width-75 has-custom-font-size is-style-fill\" style=\"font-size:22px;font-style:normal;font-weight:700\"><a class=\"wp-block-button__link has-black-color has-text-color has-background has-link-color wp-element-button\" href=\"https:\/\/charleroi-metropole.be\/fr\/home\/entreprendre\/trouver-lemploi-de-ses-reves\/\" style=\"border-width:1px;border-radius:100px;background-color:#9bafc6bf\">Le job id\u00e9al&#8230; comment faire ?<\/a><\/div>\n<\/div>\n<\/div><\/div>\n\n\n\n<div style=\"height:100px\" aria-hidden=\"true\" class=\"wp-block-spacer\"><\/div>\n","protected":false},"excerpt":{"rendered":"","protected":false},"author":18,"featured_media":0,"parent":5,"menu_order":0,"comment_status":"closed","ping_status":"closed","template":"","meta":{"footnotes":""},"class_list":["post-16743","page","type-page","status-publish","hentry"],"_links":{"self":[{"href":"https:\/\/charleroi-metropole.be\/fr\/wp-json\/wp\/v2\/pages\/16743"}],"collection":[{"href":"https:\/\/charleroi-metropole.be\/fr\/wp-json\/wp\/v2\/pages"}],"about":[{"href":"https:\/\/charleroi-metropole.be\/fr\/wp-json\/wp\/v2\/types\/page"}],"author":[{"embeddable":true,"href":"https:\/\/charleroi-metropole.be\/fr\/wp-json\/wp\/v2\/users\/18"}],"replies":[{"embeddable":true,"href":"https:\/\/charleroi-metropole.be\/fr\/wp-json\/wp\/v2\/comments?post=16743"}],"version-history":[{"count":27,"href":"https:\/\/charleroi-metropole.be\/fr\/wp-json\/wp\/v2\/pages\/16743\/revisions"}],"predecessor-version":[{"id":17656,"href":"https:\/\/charleroi-metropole.be\/fr\/wp-json\/wp\/v2\/pages\/16743\/revisions\/17656"}],"up":[{"embeddable":true,"href":"https:\/\/charleroi-metropole.be\/fr\/wp-json\/wp\/v2\/pages\/5"}],"wp:attachment":[{"href":"https:\/\/charleroi-metropole.be\/fr\/wp-json\/wp\/v2\/media?parent=16743"}],"curies":[{"name":"wp","href":"https:\/\/api.w.org\/{rel}","templated":true}]}}

<div class="wp-block-group alignfull is-layout-constrained wp-block-group-is-layout-constrained">
<div class="wp-block-group alignfull is-layout-constrained wp-block-group-is-layout-constrained"></div>
</div>



<div class="wp-block-group alignfull is-layout-constrained wp-block-group-is-layout-constrained">
<div class="wp-block-cover alignfull is-light" style="min-height:297px;aspect-ratio:unset;"><span aria-hidden="true" class="wp-block-cover__background has-background-dim" style="background-color:#b8a599"></span><img loading="lazy" decoding="async" width="1920" height="1080" class="wp-block-cover__image-background wp-image-1421" alt="" src="https://charleroi-metropole.be/wp-content/uploads/2018/11/05_alstom_.00_01_23_24.still008.jpg" data-object-fit="cover" srcset="https://charleroi-metropole.be/wp-content/uploads/2018/11/05_alstom_.00_01_23_24.still008.jpg 1920w, https://charleroi-metropole.be/wp-content/uploads/2018/11/05_alstom_.00_01_23_24.still008-600x338.jpg 600w, https://charleroi-metropole.be/wp-content/uploads/2018/11/05_alstom_.00_01_23_24.still008-768x432.jpg 768w, https://charleroi-metropole.be/wp-content/uploads/2018/11/05_alstom_.00_01_23_24.still008-1600x900.jpg 1600w" sizes="(max-width: 1920px) 100vw, 1920px" /><div class="wp-block-cover__inner-container is-layout-constrained wp-block-cover-is-layout-constrained">
<h2 class="wp-block-heading has-text-align-left" style="font-size:3.8rem">Entreprendre</h2>



<p></p>



<p style="font-size:22px"><strong>Entreprendre ou travailler à Charleroi Métropole, c&rsquo;est s&rsquo;engager dans un environnement dynamique, propice à l&rsquo;innovation et à la croissance économique. Le territoire offre de nombreuses opportunités tant pour les entrepreneurs que pour les professionnels en quête de défis.</strong></p>
</div></div>
</div>



<div style="height:45px" aria-hidden="true" class="wp-block-spacer"></div>



<div class="wp-block-media-text is-stacked-on-mobile is-vertically-aligned-center wp-block-media-text_modified has-black-color has-text-color has-background has-link-color wp-elements-d85c2a2e9a4ea033e52422ae45f80e2e" style="background-color:#9bafc6d6;grid-template-columns:45% auto"><figure class="wp-block-media-text__media"><img loading="lazy" decoding="async" width="1500" height="849" src="https://charleroi-metropole.be/wp-content/uploads/2024/08/Gosselies-Biotech-5-Vue-D-200722.jpg" alt="" class="wp-image-16744 size-full" srcset="https://charleroi-metropole.be/wp-content/uploads/2024/08/Gosselies-Biotech-5-Vue-D-200722.jpg 1500w, https://charleroi-metropole.be/wp-content/uploads/2024/08/Gosselies-Biotech-5-Vue-D-200722-600x340.jpg 600w, https://charleroi-metropole.be/wp-content/uploads/2024/08/Gosselies-Biotech-5-Vue-D-200722-768x435.jpg 768w" sizes="(max-width: 1500px) 100vw, 1500px" /></figure><div class="wp-block-media-text__content">
<div class="wp-block-group is-layout-constrained wp-block-group-is-layout-constrained" style="padding-top:var(--wp--preset--spacing--30);padding-bottom:var(--wp--preset--spacing--30)">
<h2 class="wp-block-heading" style="font-size:22px">Investir dans la Métropole</h2>



<p style="font-size:20px">Charleroi Métropole jouit d’une localisation et d’une accessibilité exceptionnelles. La région dispose d’espaces, de main d’œuvre et de services d’accompagnement qui encouragent les entreprises et les particuliers à y investir.</p>
</div>



<div class="wp-block-buttons is-content-justification-center is-layout-flex wp-container-core-buttons-is-layout-1 wp-block-buttons-is-layout-flex">
<div class="wp-block-button has-custom-width wp-block-button__width-75 has-custom-font-size is-style-fill" style="font-size:22px;font-style:normal;font-weight:700"><a class="wp-block-button__link has-black-color has-text-color has-background has-link-color wp-element-button" href="https://charleroi-metropole.be/fr/home/entreprendre/investir-a-charleroi-metropole/" style="border-width:1px;border-radius:100px;background-color:#9aafc6bf">Découvrez les points forts de la région</a></div>
</div>
</div></div>



<div style="height:48px" aria-hidden="true" class="wp-block-spacer"></div>



<div class="wp-block-media-text has-media-on-the-right is-stacked-on-mobile is-vertically-aligned-center wp-block-media-text_modified has-black-color has-text-color has-background has-link-color wp-elements-aafeac0760e0d847c813c593582fbe52" style="background-color:#9dd1afd6;grid-template-columns:auto 40%"><div class="wp-block-media-text__content">
<div class="wp-block-group is-layout-constrained wp-block-group-is-layout-constrained" style="padding-top:var(--wp--preset--spacing--30);padding-bottom:var(--wp--preset--spacing--30)">
<h2 class="wp-block-heading" style="font-size:22px">Lancer et développer son entreprise</h2>



<p style="font-size:20px">Quels que soient votre activité et vos besoins, des aides et des solutions existent à Charleroi Métropole pour vous accompagner.</p>
</div>



<div class="wp-block-buttons is-horizontal is-content-justification-center is-layout-flex wp-container-core-buttons-is-layout-2 wp-block-buttons-is-layout-flex">
<div class="wp-block-button has-custom-width wp-block-button__width-75 has-custom-font-size is-style-fill" style="font-size:22px;font-style:normal;font-weight:700"><a class="wp-block-button__link has-black-color has-text-color has-background has-link-color wp-element-button" href="https://charleroi-metropole.be/fr/home/entreprendre/lancer-et-developper-son-entreprise/" style="border-width:1px;border-radius:100px;background-color:#9dd1afbf">Découvrez comment développer votre activité</a></div>
</div>
</div><figure class="wp-block-media-text__media"><img loading="lazy" decoding="async" width="1500" height="1125" src="https://charleroi-metropole.be/wp-content/uploads/2024/01/entreprendre_charleroi_metropole.webp" alt="" class="wp-image-15359 size-full" srcset="https://charleroi-metropole.be/wp-content/uploads/2024/01/entreprendre_charleroi_metropole.webp 1500w, https://charleroi-metropole.be/wp-content/uploads/2024/01/entreprendre_charleroi_metropole-600x450.webp 600w, https://charleroi-metropole.be/wp-content/uploads/2024/01/entreprendre_charleroi_metropole-768x576.webp 768w" sizes="(max-width: 1500px) 100vw, 1500px" /></figure></div>



<div style="height:48px" aria-hidden="true" class="wp-block-spacer"></div>



<div class="wp-block-media-text is-stacked-on-mobile is-vertically-aligned-center wp-block-media-text_modified has-black-color has-text-color has-background has-link-color wp-elements-ebb0d755a1e08f875c369ec9ca71491f" style="background-color:#9bafc6d6;grid-template-columns:40% auto"><figure class="wp-block-media-text__media"><img loading="lazy" decoding="async" width="1600" height="1067" src="https://charleroi-metropole.be/wp-content/uploads/2021/08/charleroi-metropole-se-former-metier-emploi-1600x1067.jpg" alt="" class="wp-image-7980 size-full" srcset="https://charleroi-metropole.be/wp-content/uploads/2021/08/charleroi-metropole-se-former-metier-emploi-1600x1067.jpg 1600w, https://charleroi-metropole.be/wp-content/uploads/2021/08/charleroi-metropole-se-former-metier-emploi-600x400.jpg 600w, https://charleroi-metropole.be/wp-content/uploads/2021/08/charleroi-metropole-se-former-metier-emploi-768x512.jpg 768w, https://charleroi-metropole.be/wp-content/uploads/2021/08/charleroi-metropole-se-former-metier-emploi.jpg 1920w" sizes="(max-width: 1600px) 100vw, 1600px" /></figure><div class="wp-block-media-text__content">
<div class="wp-block-group is-layout-constrained wp-block-group-is-layout-constrained" style="padding-top:var(--wp--preset--spacing--30);padding-bottom:var(--wp--preset--spacing--30)">
<h2 class="wp-block-heading" style="font-size:22px">Trouver l&#8217;emploi de vos rêves</h2>



<p style="font-size:20px">Territoire en plein redéploiement, Charleroi Métropole compte de nombreux employeurs et institutions en perpétuelle recherche de nouveaux talents. Découvrez les trucs et astuces pour trouver l’emploi idéal au cœur d’une région accueillante.</p>
</div>



<div class="wp-block-buttons is-content-justification-center is-layout-flex wp-container-core-buttons-is-layout-3 wp-block-buttons-is-layout-flex">
<div class="wp-block-button has-custom-width wp-block-button__width-75 has-custom-font-size is-style-fill" style="font-size:22px;font-style:normal;font-weight:700"><a class="wp-block-button__link has-black-color has-text-color has-background has-link-color wp-element-button" href="https://charleroi-metropole.be/fr/home/entreprendre/trouver-lemploi-de-ses-reves/" style="border-width:1px;border-radius:100px;background-color:#9bafc6bf">Le job idéal&#8230; comment faire ?</a></div>
</div>
</div></div>



<div style="height:100px" aria-hidden="true" class="wp-block-spacer"></div>
